-- https://www.phpmyadmin.net/
--
-- Servidor: localhost:3306
-- Tiempo de generación: 30-06-2025 a las 04:07:21
-- Versión del servidor: 10.11.13-MariaDB
-- Versión de PHP: 8.3.22

START TRANSACTION;



--
-- Base de datos: `cebpdev_sys_cebp`
--

-- --------------------------------------------------------

--
-- Estructura de tabla para la tabla `antecendentes_desaparicion`
--

CREATE TABLE `antecendentes_desaparicion` (
  `adn_id` int(11) NOT NULL,
  `adn_motivos` varchar(45) DEFAULT NULL,
  `adn_otros_motivos` varchar(255) DEFAULT NULL,
  `adn_contexto_desaparicion` text DEFAULT NULL COMMENT 'Contexto de Desaparición y/o No Localización\n',
  `adn_datos_relevantes` text DEFAULT NULL COMMENT 'Datos relativos a la desaparición. (Hechos)\n',
  `prd_id` int(11) NOT NULL,
  `adn_estatus` smallint(6) DEFAULT 2,
  `adn_fecha_creacion` timestamp NULL DEFAULT current_timestamp(),
  `adn_fecha_actualizacion` timestamp NULL DEFAULT current_timestamp() ON UPDATE current_timestamp()
) ENGINE=InnoDB DEFAULT CHARSET=utf8mb3 COLLATE=utf8mb3_bin COMMENT='Antecedentes y hechos previos a la desaparición\n\n';

--
-- Volcado de datos para la tabla `antecendentes_desaparicion`
--

INSERT INTO `antecendentes_desaparicion` (`adn_id`, `adn_motivos`, `adn_otros_motivos`, `adn_contexto_desaparicion`, `adn_datos_relevantes`, `prd_id`, `adn_estatus`, `adn_fecha_creacion`, `adn_fecha_actualizacion`) VALUES
(1, '', '', '', '', 2, 2, '2025-03-17 20:14:04', '2025-03-17 20:14:04'),
(2, '', '', 'a las 4:00 y 5:00 am estaban dormidos en su domicilio y escucharon que abrieron su casa ', '4 hombres allanaron la casa de la reportante y el desaparecido, entre las 4 y 5 am. se encontraban dormidos y al escuchar el ruido se despertaron, vieron a los hombres buscando cosas, le dijeron al esposo que les diera el dinero, agarraron celulares, ropa y calzado. ', 6, 2, '2025-04-14 19:16:22', '2025-04-14 20:04:00'),
(3, '', '', '', '', 7, 2, '2025-04-14 19:38:21', '2025-04-14 19:38:21'),
(4, '', '', 'a las 4:00 y 5:00 am estaban dormidos en su domicilio y escucharon que abrieron su casa ', '4 hombres allanaron la casa de la reportante y el desaparecido, entre las 4 y 5 am. se encontraban dormidos y al escuchar el ruido se despertaron, vieron a los hombres buscando cosas, le dijeron al esposo que les diera el dinero, agarraron celulares, ropa y calzado. ', 8, 2, '2025-04-14 20:21:41', '2025-04-14 20:21:41'),
(5, '', '', '', '', 10, 2, '2025-05-09 23:13:12', '2025-05-09 23:13:12'),
(6, '', '', '', '', 11, 2, '2025-06-02 17:52:58', '2025-06-02 17:52:58'),
(7, 'sin_informacion', '', '', '', 12, 2, '2025-06-02 18:21:20', '2025-06-02 18:21:20'),
(8, '', '', '', '', 13, 2, '2025-06-03 19:06:00', '2025-06-03 19:06:00'),
(9, 'sin_informacion', '', 'No localización, salió de su domicilio y ya no regresó.', 'El día 08 de junio del presente año, el C. RODOLFO salió de su domicilio mencionando que se dirigía a un mandado a una tienda que queda a 5 min de su domicilio, sin embargo ya no regresó.', 14, 2, '2025-06-16 16:04:48', '2025-06-16 16:04:48'),
(10, 'allanamiento', '', '', '', 15, 2, '2025-06-21 20:05:30', '2025-06-21 20:05:30'),
(11, '', '', '', '', 17, 2, '2025-06-21 20:29:28', '2025-06-21 20:29:28'),
(12, '', '', '', '', 18, 2, '2025-06-21 20:41:22', '2025-06-21 20:41:22'),
(13, '', '', '', '', 19, 2, '2025-06-21 20:44:33', '2025-06-21 20:44:33'),
(14, '', '', '', '', 20, 2, '2025-06-21 20:46:15', '2025-06-21 20:46:15'),
(15, '', '', '', '', 22, 2, '2025-06-21 21:44:12', '2025-06-21 21:44:12');

-- --------------------------------------------------------

--
-- Estructura de tabla para la tabla `archivos_exp`
--

CREATE TABLE `archivos_exp` (
  `arc_id` bigint(20) NOT NULL,
  `arc_nombre` varchar(255) NOT NULL,
  `arc_ruta` varchar(255) NOT NULL,
  `arc_comentario` text DEFAULT NULL,
  `cat_id` bigint(20) UNSIGNED DEFAULT NULL COMMENT 'ID CATEGORÍA  DE ARCHIVOS',
  `exp_id` int(11) NOT NULL,
  `arc_estatus` smallint(6) NOT NULL DEFAULT 2,
  `arc_fecha_creacion` timestamp NULL DEFAULT current_timestamp(),
  `arc_fecha_actualizacion` timestamp NULL DEFAULT current_timestamp() ON UPDATE current_timestamp()
) ENGINE=InnoDB DEFAULT CHARSET=utf8mb3 COLLATE=utf8mb3_bin COMMENT='archivos de expediente';

--
-- Volcado de datos para la tabla `archivos_exp`
--

INSERT INTO `archivos_exp` (`arc_id`, `arc_nombre`, `arc_ruta`, `arc_comentario`, `cat_id`, `exp_id`, `arc_estatus`, `arc_fecha_creacion`, `arc_fecha_actualizacion`) VALUES
(3, 'CURP_1_1743365514.pdf', 'uploads/expediente/1/CURP_1_1743365514.pdf', NULL, 1, 1, 2, '2025-03-30 20:11:54', '2025-03-30 20:11:54'),
(4, 'CURP_1_1743373182.pdf', 'uploads/expediente/1/CURP_1_1743373182.pdf', NULL, 1, 1, 2, '2025-03-30 22:19:42', '2025-03-30 22:19:42'),
(5, 'CURP_1_1743373185.pdf', 'uploads/expediente/1/CURP_1_1743373185.pdf', NULL, 1, 1, 2, '2025-03-30 22:19:45', '2025-03-30 22:19:45'),
(6, 'CURP_1_1743373185.pdf', 'uploads/expediente/1/CURP_1_1743373185.pdf', NULL, 1, 1, 2, '2025-03-30 22:19:46', '2025-03-30 22:19:46'),
(7, 'CURP_1_1743373186.pdf', 'uploads/expediente/1/CURP_1_1743373186.pdf', NULL, 1, 1, 2, '2025-03-30 22:19:46', '2025-03-30 22:19:46'),
(8, 'CURP_1_1743373202.pdf', 'uploads/expediente/1/CURP_1_1743373202.pdf', NULL, 1, 1, 2, '2025-03-30 22:20:02', '2025-03-30 22:20:02'),
(9, 'CURP_1_1743373204.pdf', 'uploads/expediente/1/CURP_1_1743373204.pdf', NULL, 1, 1, 2, '2025-03-30 22:20:04', '2025-03-30 22:20:04'),
(10, 'CURP_1_1743373204.pdf', 'uploads/expediente/1/CURP_1_1743373204.pdf', NULL, 1, 1, 2, '2025-03-30 22:20:04', '2025-03-30 22:20:04'),
(11, 'CURP_1_1743373205.pdf', 'uploads/expediente/1/CURP_1_1743373205.pdf', NULL, 1, 1, 2, '2025-03-30 22:20:05', '2025-03-30 22:20:05'),
(12, 'CURP_1_1743373206.pdf', 'uploads/expediente/1/CURP_1_1743373206.pdf', NULL, 1, 1, 2, '2025-03-30 22:20:06', '2025-03-30 22:20:06'),
(13, 'CURP_1_1743373207.pdf', 'uploads/expediente/1/CURP_1_1743373207.pdf', NULL, 1, 1, 2, '2025-03-30 22:20:07', '2025-03-30 22:20:07'),
(14, 'COMPROBANTE_DE_DOMICILIO_5_1743374653.jpg', 'uploads/expediente/5/COMPROBANTE_DE_DOMICILIO_5_1743374653.jpg', NULL, 3, 5, 2, '2025-03-30 22:44:13', '2025-03-30 22:44:13'),
(15, 'CURP_5_1743375138.pdf', 'uploads/expediente/5/CURP_5_1743375138.pdf', NULL, 1, 5, 2, '2025-03-30 22:52:18', '2025-03-30 22:52:18'),
(16, 'CURP_5_1743380107.pdf', 'uploads/expediente/5/CURP_5_1743380107.pdf', NULL, 1, 5, 2, '2025-03-31 00:15:07', '2025-03-31 00:15:07'),
(17, 'CURP_4_1743380271.pdf', 'uploads/expediente/4/CURP_4_1743380271.pdf', NULL, 1, 4, 2, '2025-03-31 00:17:51', '2025-03-31 00:17:51'),
(18, 'COMPROBANTE_DE_DOMICILIO_7_1743442946.jpg', 'uploads/expediente/7/COMPROBANTE_DE_DOMICILIO_7_1743442946.jpg', NULL, 3, 7, 2, '2025-03-31 17:42:26', '2025-03-31 17:42:26'),
(19, 'CURP_10_1744659137.pdf', 'uploads/expediente/10/CURP_10_1744659137.pdf', NULL, 1, 10, 2, '2025-04-14 19:32:17', '2025-04-14 19:32:17'),
(20, 'CURP_1_1748803991.pdf', 'uploads/expediente/1/CURP_1_1748803991.pdf', NULL, 1, 1, 2, '2025-06-01 18:53:11', '2025-06-01 18:53:11'),
(21, 'CURP_31_1748813669.pdf', 'uploads/expediente/31/CURP_31_1748813669.pdf', NULL, 1, 31, 2, '2025-06-01 21:34:29', '2025-06-01 21:34:29');

-- --------------------------------------------------------

--
-- Estructura de tabla para la tabla `archivos_prd`
--

CREATE TABLE `archivos_prd` (
  `arc_id` bigint(20) NOT NULL,
  `arc_nombre` varchar(255) NOT NULL,
  `arc_ruta` varchar(255) NOT NULL,
  `arc_comentario` text DEFAULT NULL,
  `cat_id` bigint(20) UNSIGNED DEFAULT NULL COMMENT 'ID DE CATEGORIA DE ARCHIVOS',
  `prd_id` int(11) NOT NULL,
  `arc_estatus` smallint(6) NOT NULL DEFAULT 2,
  `arc_fecha_creacion` timestamp NULL DEFAULT current_timestamp(),
  `arc_fecha_actualizacion` timestamp NULL DEFAULT current_timestamp() ON UPDATE current_timestamp()
) ENGINE=InnoDB DEFAULT CHARSET=utf8mb3 COLLATE=utf8mb3_bin COMMENT='archivos de persona desparecida';

-- --------------------------------------------------------

--
-- Estructura de tabla para la tabla `categorias_archivos`
--

CREATE TABLE `categorias_archivos` (
  `cat_id` bigint(20) NOT NULL,
  `cat_nombre` varchar(255) NOT NULL,
  `cat_descripcion` text DEFAULT NULL,
  `cat_tamano_total` bigint(20) UNSIGNED DEFAULT 0,
  `cat_numero_archivos` int(10) UNSIGNED DEFAULT 0,
  `cat_tipo_archivos` varchar(255) DEFAULT NULL,
  `cat_aviso_cliente` text DEFAULT NULL,
  `cat_prd_aplica` smallint(6) DEFAULT -2 COMMENT 'si aplica para la tabla de persona desaparecida',
  `cat_exp_aplica` smallint(6) DEFAULT -2 COMMENT 'si aplica para la tabla de arhcivos expediente',
  `cat_estatus` smallint(6) NOT NULL DEFAULT 2,
  `cat_fecha_creacion` timestamp NULL DEFAULT current_timestamp(),
  `cat_fecha_actualizacion` timestamp NULL DEFAULT current_timestamp() ON UPDATE current_timestamp()
) ENGINE=InnoDB DEFAULT CHARSET=utf8mb3 COLLATE=utf8mb3_bin;

--
-- Volcado de datos para la tabla `categorias_archivos`
--

INSERT INTO `categorias_archivos` (`cat_id`, `cat_nombre`, `cat_descripcion`, `cat_tamano_total`, `cat_numero_archivos`, `cat_tipo_archivos`, `cat_aviso_cliente`, `cat_prd_aplica`, `cat_exp_aplica`, `cat_estatus`, `cat_fecha_creacion`, `cat_fecha_actualizacion`) VALUES
(1, 'CURP', 'CURP', 2048, 1, 'PDF,PNG', 'DEBES CARGAR UN CURP ACTUALIZADO', -2, 2, 2, '2025-03-05 03:45:20', '2025-03-05 04:29:17'),
(2, 'ACTA NACIMIENTO', 'ACTA NACIMIENTO', 2048, 1, 'PDF', 'ACTA ACTUALIZADA DE COLOR VERDE', -2, 2, 2, '2025-03-05 03:57:01', '2025-03-05 04:29:17'),
(3, 'COMPROBANTE DE DOMICILIO', 'COMPROBANTE DE DOMICILIO', 2048, 1, 'JPG,JPEG', 'COMPROBANTE DE PAGO DE LUZ O INTERNET', -2, 2, 2, '2025-03-05 03:58:20', '2025-03-05 04:29:17'),
(4, 'FIRMA QUIEN RECIBE', 'FIRMA QUIEN RECIBE', 2048, 1, 'JPG,JPEG', 'FIRMA QUIEN RECIBE', -2, 2, 2, '2025-03-05 03:58:20', '2025-03-05 04:29:17'),
(5, 'FIRMA QUIEN AUTORIZA', 'FIRMA QUIEN AUTORIZA', 2048, 1, 'JPG,JPEG', 'FIRMA QUIEN AUTORIZA', -2, 2, 2, '2025-03-05 03:58:20', '2025-03-05 04:29:17');

-- --------------------------------------------------------

--
-- Estructura de tabla para la tabla `enfoque_diferenciados`
--

CREATE TABLE `enfoque_diferenciados` (
  `eds_id` int(11) NOT NULL,
  `eds_presenta_discapacidad` varchar(10) DEFAULT NULL,
  `eds_tipo_discapacidad` varchar(255) DEFAULT NULL,
  `eds_estado_interdiccion` varchar(255) DEFAULT NULL,
  `eds_estado_interdiccion_descripcion` varchar(255) DEFAULT NULL,
  `eds_oueblo_comunidad_indigena` varchar(255) DEFAULT NULL,
  `eds_idioma_lengua_indigena` varchar(255) DEFAULT NULL,
  `eds_religion` varchar(255) DEFAULT NULL,
  `eds_persona_extranjera` varchar(5) DEFAULT NULL,
  `eds_estado_condicion_pais` varchar(255) DEFAULT NULL COMMENT '¿Cuál es su condición de estancia en el país?\n',
  `eds_periodista` varchar(5) DEFAULT NULL,
  `eds_defensor_derechos_humanos` varchar(5) DEFAULT NULL,
  `eds_servidor_publico` varchar(5) DEFAULT NULL,
  `eds_pertence_sindicato` varchar(5) DEFAULT NULL,
  `eds_pertenece_LGBTTTI` varchar(5) DEFAULT NULL COMMENT '¿Pertenece a la comunidad LGBTTTI? (Lesbiana, Gays, Bisexuales, Transgénero, Travesti, Transexual, Queer, Asexual e Intersexuales)',
  `eds_pertence_ONG` varchar(5) DEFAULT NULL COMMENT '¿Pertenece a alguna ONG? (Organización No Gubernamental)\n',
  `prd_id` int(11) NOT NULL,
  `eds_estatus` smallint(6) DEFAULT 2,
  `eds_fecha_creacion` timestamp NULL DEFAULT current_timestamp(),
  `eds_fecha_actualizacion` timestamp NULL DEFAULT current_timestamp() ON UPDATE current_timestamp()
) ENGINE=InnoDB DEFAULT CHARSET=utf8mb3 COLLATE=utf8mb3_bin COMMENT='El enfoque diferenciado es una estrategia que reconoce y respeta las diferencias individuales de las personas para garantizar la equidad en el acceso a derechos, oportunidades y servicios. Se basa en la idea de que no todas las personas tienen las mismas condiciones ni enfrentan las mismas barreras, por lo que requieren atención y medidas específicas según sus características y necesidades.';

--
-- Volcado de datos para la tabla `enfoque_diferenciados`
--

INSERT INTO `enfoque_diferenciados` (`eds_id`, `eds_presenta_discapacidad`, `eds_tipo_discapacidad`, `eds_estado_interdiccion`, `eds_estado_interdiccion_descripcion`, `eds_oueblo_comunidad_indigena`, `eds_idioma_lengua_indigena`, `eds_religion`, `eds_persona_extranjera`, `eds_estado_condicion_pais`, `eds_periodista`, `eds_defensor_derechos_humanos`, `eds_servidor_publico`, `eds_pertence_sindicato`, `eds_pertenece_LGBTTTI`, `eds_pertence_ONG`, `prd_id`, `eds_estatus`, `eds_fecha_creacion`, `eds_fecha_actualizacion`) VALUES
(2, 'NO', 'N/A', 'NO', 'Ninguna', 'NO', 'N/A', 'No especificado', 'NO', 'Residente', 'NO', 'NO', 'NO', 'NO', 'NO', 'NO', 6, 2, '2025-04-14 19:11:17', '2025-04-14 19:56:25'),
(3, 'NO', 'N/A', 'NO', 'Ninguna', 'NO', 'N/A', 'No especificado', 'NO', 'Residente', 'NO', 'NO', 'NO', 'NO', 'NO', 'NO', 7, 2, '2025-04-14 19:38:05', '2025-04-14 19:38:05'),
(4, 'NO', 'N/A', 'NO', 'Ninguna', 'NO', 'N/A', 'No especificado', 'NO', 'Residente', 'NO', 'NO', 'NO', 'NO', 'NO', 'NO', 8, 2, '2025-04-14 20:21:26', '2025-04-14 20:21:26'),
(5, 'NO', 'N/A', 'NO', 'Ninguna', 'NO', 'N/A', 'No especificado', 'NO', 'Residente', 'NO', 'NO', 'NO', 'NO', 'NO', 'NO', 10, 2, '2025-05-09 23:13:06', '2025-05-09 23:13:06'),
(6, 'NO', 'N/A', 'NO', 'Ninguna', 'NO', 'N/A', 'No especificado', 'NO', 'Residente', 'NO', 'NO', 'NO', 'NO', 'NO', 'NO', 11, 2, '2025-06-02 17:52:53', '2025-06-02 17:52:53'),
(7, 'NO', 'N/A', 'NO', 'Ninguna', 'NO', 'N/A', 'cristiano', 'NO', 'Residente', 'NO', 'NO', 'NO', 'NO', 'NO', 'NO', 12, 2, '2025-06-02 18:20:29', '2025-06-02 18:20:29'),
(8, 'NO', 'N/A', 'NO', 'Ninguna', 'NO', 'N/A', 'No especificado', 'NO', 'Residente', 'NO', 'NO', 'NO', 'NO', 'NO', 'NO', 13, 2, '2025-06-03 19:05:51', '2025-06-03 19:05:51'),
(9, 'NO', 'N/A', 'NO', 'Ninguna', 'SI', 'N/A', 'N/A', 'NO', 'Residente', 'NO', 'NO', 'NO', 'NO', 'NO', 'NO', 14, 2, '2025-06-16 16:00:27', '2025-06-16 16:00:27'),
(10, 'NO', 'N/A', 'NO', 'Ninguna', 'NO', 'N/A', 'No especificado', 'NO', 'Residente', 'NO', 'NO', 'NO', 'NO', 'NO', 'NO', 15, 2, '2025-06-21 20:05:10', '2025-06-21 20:05:10'),
(11, 'NO', 'N/A', 'NO', 'Ninguna', 'NO', 'N/A', 'No especificado', 'NO', 'Residente', 'NO', 'NO', 'NO', 'NO', 'NO', 'NO', 17, 2, '2025-06-21 20:29:23', '2025-06-21 20:29:23'),
(12, 'NO', 'N/A', 'NO', 'Ninguna', 'NO', 'N/A', 'No especificado', 'NO', 'Residente', 'NO', 'NO', 'NO', 'NO', 'NO', 'NO', 18, 2, '2025-06-21 20:41:17', '2025-06-21 20:41:17'),
(13, 'NO', 'N/A', 'NO', 'Ninguna', 'NO', 'N/A', 'No especificado', 'NO', 'Residente', 'NO', 'NO', 'NO', 'NO', 'NO', 'NO', 19, 2, '2025-06-21 20:44:29', '2025-06-21 20:44:29'),
(14, 'NO', 'N/A', 'NO', 'Ninguna', 'NO', 'N/A', 'No especificado', 'NO', 'Residente', 'NO', 'NO', 'NO', 'NO', 'NO', 'NO', 20, 2, '2025-06-21 20:46:11', '2025-06-21 20:46:11'),
(15, 'NO', 'N/A', 'NO', 'Ninguna', 'NO', 'N/A', 'No especificado', 'NO', 'Residente', 'NO', 'NO', 'NO', 'NO', 'NO', 'NO', 22, 2, '2025-06-21 21:44:08', '2025-06-21 21:44:08'),
(16, 'NO', 'N/A', 'NO', 'Ninguna', 'NO', 'Náhuatl', 'Católico', 'NO', 'Residente', 'NO', 'NO', 'NO', 'SI', 'NO', 'NO', 2, 2, '2025-06-23 11:16:17', '2025-06-23 11:16:17');

-- --------------------------------------------------------

--
-- Estructura de tabla para la tabla `entrevistas_contextos`
--

CREATE TABLE `entrevistas_contextos` (
  `enc_id` int(11) NOT NULL,
  `prd_id` int(11) NOT NULL,
  `enc_mensaje` varchar(10) DEFAULT NULL COMMENT 'Dejó algún mensaje, documento, carta, escrito, etc. (Si/No)',
  `enc_mensaje_especificar` text DEFAULT NULL COMMENT 'Dejó algún mensaje, documento, carta, escrito, etc. (Si/No)',
  `enc_actitud_extrana` varchar(10) DEFAULT NULL COMMENT '¿Alguna actitud extraña días antes de la desaparición? (Si/No)',
  `enc_actitud_extrana_especificar` text DEFAULT NULL,
  `enc_comunicaciones_extranas` varchar(10) DEFAULT NULL COMMENT '¿Llamadas, cartas o comunicaciones extrañas anteriores a la desaparición? (Si/No)',
  `enc_comunicaciones_extranas_especificar` text DEFAULT NULL COMMENT '¿Llamadas, cartas o comunicaciones extrañas anteriores a la desaparición? (Si/No)',
  `enc_problemas_personales` varchar(10) DEFAULT NULL COMMENT '¿Problemas con algún familiar, pareja sentimental u otra persona? (Si/No)',
  `enc_problemas_personales_especificar` text DEFAULT NULL COMMENT '¿Problemas con algún familiar, pareja sentimental u otra persona? (Si/No)',
  `enc_ambiente_laboral` varchar(10) DEFAULT NULL COMMENT '¿El ambiente laboral pudo haber influido en la desaparición? (Si/No)',
  `enc_ambiente_laboral_especificar` text DEFAULT NULL COMMENT '¿El ambiente laboral pudo haber influido en la desaparición? (Si/No)',
  `enc_ambiente_academico` varchar(10) DEFAULT NULL COMMENT '¿El ambiente académico pudo haber influido en la desaparición? (Si/No)',
  `enc_ambiente_academico_especificar` text DEFAULT NULL COMMENT '¿El ambiente académico pudo haber influido en la desaparición? (Si/No)',
  `enc_ambiente_social` varchar(10) DEFAULT NULL COMMENT '¿El ambiente social pudo haber influido en la desaparición? (Si/No)',
  `enc_ambiente_social_especificar` text DEFAULT NULL COMMENT '¿El ambiente social pudo haber influido en la desaparición? (Si/No)',
  `enc_antecedentes_desapariciones` varchar(10) DEFAULT NULL COMMENT 'Antecedentes de desapariciones anteriores (Si/No)',
  `enc_antecedentes_desapariciones_especificar` text DEFAULT NULL COMMENT 'Antecedentes de desapariciones anteriores (Si/No)',
  `enc_archivo` varchar(255) DEFAULT NULL COMMENT 'Archivo relevante adjunto',
  `enc_estatus` smallint(6) NOT NULL DEFAULT 2,
  `enc_fecha_creacion` timestamp NULL DEFAULT current_timestamp(),
  `enc_fecha_actualizacion` timestamp NULL DEFAULT current_timestamp() ON UPDATE current_timestamp(),
  `enc_deudas` varchar(255) DEFAULT NULL
) ENGINE=InnoDB DEFAULT CHARSET=utf8mb3 COLLATE=utf8mb3_bin;

--
-- Volcado de datos para la tabla `entrevistas_contextos`
--

INSERT INTO `entrevistas_contextos` (`enc_id`, `prd_id`, `enc_mensaje`, `enc_mensaje_especificar`, `enc_actitud_extrana`, `enc_actitud_extrana_especificar`, `enc_comunicaciones_extranas`, `enc_comunicaciones_extranas_especificar`, `enc_problemas_personales`, `enc_problemas_personales_especificar`, `enc_ambiente_laboral`, `enc_ambiente_laboral_especificar`, `enc_ambiente_academico`, `enc_ambiente_academico_especificar`, `enc_ambiente_social`, `enc_ambiente_social_especificar`, `enc_antecedentes_desapariciones`, `enc_antecedentes_desapariciones_especificar`, `enc_archivo`, `enc_estatus`, `enc_fecha_creacion`, `enc_fecha_actualizacion`, `enc_deudas`) VALUES
(2, 6, 'SI', '', 'SI', '', 'SI', '', 'SI', '', 'SI', NULL, 'SI', '', 'SI', '', 'SI', '', NULL, 2, '2025-04-14 19:20:08', '2025-04-14 20:05:51', NULL),
(3, 7, 'NO', '', 'NO', '', 'NO', '', 'NO', '', 'NO', NULL, 'NO', '', 'NO', '', 'NO', '', NULL, 2, '2025-04-14 19:38:34', '2025-04-14 19:38:34', NULL),
(4, 8, 'SI', '', 'SI', '', 'SI', '', 'SI', '', 'SI', NULL, 'SI', '', 'SI', '', 'SI', '', NULL, 2, '2025-04-14 20:22:01', '2025-04-14 20:22:01', NULL),
(5, 10, 'NO', '', 'NO', '', 'NO', '', 'NO', '', 'NO', NULL, 'NO', '', 'NO', '', 'NO', '', NULL, 2, '2025-05-09 23:13:22', '2025-05-09 23:13:22', NULL),
(6, 11, 'NO', '', 'NO', '', 'NO', '', 'NO', '', 'NO', NULL, 'NO', '', 'NO', '', 'NO', '', NULL, 2, '2025-06-02 17:53:06', '2025-06-02 17:53:06', NULL),
(7, 12, 'SI', '', 'SI', '', 'SI', '', 'SI', '', 'SI', NULL, 'SI', '', 'SI', '', 'SI', '', NULL, 2, '2025-06-02 18:21:56', '2025-06-02 18:21:56', NULL),
(8, 13, 'NO', '', 'NO', '', 'NO', '', 'NO', '', 'NO', NULL, 'NO', '', 'NO', '', 'NO', '', NULL, 2, '2025-06-03 19:06:08', '2025-06-03 19:06:08', NULL),
(9, 14, 'SI', '', 'SI', '', 'SI', '', 'SI', '', 'SI', NULL, 'SI', '', 'SI', '', 'SI', '', NULL, 2, '2025-06-16 16:08:20', '2025-06-16 16:08:20', NULL),
(10, 15, 'NO', '', 'NO', '', 'NO', '', 'NO', '', 'NO', NULL, 'NO', '', 'NO', '', 'NO', '', NULL, 2, '2025-06-21 20:05:40', '2025-06-21 20:05:40', NULL),
(11, 17, 'NO', '', 'NO', '', 'NO', '', 'NO', '', 'NO', NULL, 'NO', '', 'NO', '', 'NO', '', NULL, 2, '2025-06-21 20:29:36', '2025-06-21 20:29:36', NULL),
(12, 18, 'NO', '', 'NO', '', 'NO', '', 'NO', '', 'NO', NULL, 'NO', '', 'NO', '', 'NO', '', NULL, 2, '2025-06-21 20:41:31', '2025-06-21 20:41:31', NULL),
(13, 19, 'NO', '', 'NO', '', 'NO', '', 'NO', '', 'NO', NULL, 'NO', '', 'NO', '', 'NO', '', NULL, 2, '2025-06-21 20:44:40', '2025-06-21 20:44:40', NULL),
(14, 20, 'NO', '', 'NO', '', 'NO', '', 'NO', '', 'NO', NULL, 'NO', '', 'NO', '', 'NO', '', NULL, 2, '2025-06-21 20:46:21', '2025-06-21 20:46:21', NULL);

-- --------------------------------------------------------

--
-- Estructura de tabla para la tabla `escolaridad_activades`
--

CREATE TABLE `escolaridad_activades` (
  `eas_id` int(11) NOT NULL,
  `eas_nivel_estudios` varchar(255) DEFAULT NULL,
  `eas_ocupacion` varchar(255) DEFAULT NULL,
  `eas_actual_anterior` varchar(25) DEFAULT NULL,
  `eas_nombre_escuela` varchar(255) DEFAULT NULL,
  `eas_direccion_escuela` varchar(255) DEFAULT NULL,
  `eas_nombre_trabajo` varchar(255) DEFAULT NULL,
  `eas_direccion_trabajo` varchar(255) DEFAULT NULL,
  `eas_actividades_sociales` varchar(255) DEFAULT NULL,
  `prd_id` int(11) NOT NULL,
  `eas_estatus` smallint(6) DEFAULT 2,
  `eas_fecha_creacion` timestamp NULL DEFAULT current_timestamp(),
  `eas_fecha_actualizacion` timestamp NULL DEFAULT current_timestamp() ON UPDATE current_timestamp()
) ENGINE=InnoDB DEFAULT CHARSET=utf8mb3 COLLATE=utf8mb3_bin;

--
-- Volcado de datos para la tabla `escolaridad_activades`
--

INSERT INTO `escolaridad_activades` (`eas_id`, `eas_nivel_estudios`, `eas_ocupacion`, `eas_actual_anterior`, `eas_nombre_escuela`, `eas_direccion_escuela`, `eas_nombre_trabajo`, `eas_direccion_trabajo`, `eas_actividades_sociales`, `prd_id`, `eas_estatus`, `eas_fecha_creacion`, `eas_fecha_actualizacion`) VALUES
(2, 'primaria completa', 'C.V. Chile', 'Actual', 'C.V. Chile', 'distintas comunidades, municipios y ciudades', 'C.V. Chile', 'distintas comunidades, municipios y ciudades', 'Salir fines de semana con su amigos, Juan Medina, Raúl Zamarrón, Jimmy López, Ernesto Tenorio, Luis tenorio, Paco Tenorio.', 6, 2, '2025-04-14 19:12:27', '2025-04-14 19:59:32'),
(3, '', '', 'actual', '', '', '', '', '', 7, 2, '2025-04-14 19:38:10', '2025-04-14 19:38:10'),
(4, 'primaria completa', 'C.V. Chile', 'actual', 'C.V. Chile', 'distintas comunidades, municipios y ciudades', 'C.V. Chile', 'distintas comunidades, municipios y ciudades', 'Salir fines de semana con su amigos, Juan Medina, Raúl Zamarrón, Jimmy López, Ernesto Tenorio, Luis tenorio, Paco Tenorio.', 8, 2, '2025-04-14 20:21:32', '2025-04-14 20:21:32'),
(5, '', '', 'actual', '', '', '', '', '', 10, 2, '2025-05-09 23:13:08', '2025-05-09 23:13:08'),
(6, '', '', 'actual', '', '', '', '', '', 11, 2, '2025-06-02 17:52:55', '2025-06-02 17:52:55'),
(7, 'licenciatura completa', 'asesor', 'actual', 'ESCUELA NACIONAL', '56600', 'ESCUELA NACIONAL', '56600', 'NINGUNA CONOCIDA', 12, 2, '2025-06-02 18:21:03', '2025-06-02 18:21:03'),
(8, '', '', 'actual', '', '', '', '', '', 13, 2, '2025-06-03 19:05:55', '2025-06-03 19:05:55'),
(9, 'secundaria incompleta', 'Albañil', 'actual', 'S/D', 'S/D', 'S/D', 'S/D', 'Trabajo', 14, 2, '2025-06-16 16:01:09', '2025-06-16 16:01:09'),
(10, '', '', 'actual', '', '', '', '', '', 15, 2, '2025-06-21 20:05:12', '2025-06-21 20:05:12'),
(11, '', '', 'actual', '', '', '', '', '', 17, 2, '2025-06-21 20:29:25', '2025-06-21 20:29:25'),
(12, '', '', 'actual', '', '', '', '', '', 18, 2, '2025-06-21 20:41:18', '2025-06-21 20:41:18'),
(13, '', '', 'actual', '', '', '', '', '', 19, 2, '2025-06-21 20:44:31', '2025-06-21 20:44:31'),
(14, '', '', 'actual', '', '', '', '', '', 20, 2, '2025-06-21 20:46:12', '2025-06-21 20:46:12'),
(15, '', '', 'actual', '', '', '', '', '', 22, 2, '2025-06-21 21:44:09', '2025-06-21 21:44:09');

-- --------------------------------------------------------

--
-- Estructura de tabla para la tabla `expedientes`
--

CREATE TABLE `expedientes` (
  `exp_id` int(11) NOT NULL,
  `exp_folio` text DEFAULT NULL,
  `exp_numero` int(11) DEFAULT NULL,
  `exp_reporto_911_pregunta` varchar(45) DEFAULT NULL,
  `exp_reporte_911` text DEFAULT NULL,
  `exp_folio_reporte_911` text DEFAULT NULL,
  `exp_modo_reporte` varchar(255) DEFAULT NULL,
  `exp_zona` varchar(255) DEFAULT NULL,
  `exp_nombre_quien_recibe` varchar(255) DEFAULT NULL,
  `exp_firma_quien_recibe` text DEFAULT NULL,
  `exp_autoriza_difusion_alerta` varchar(10) DEFAULT NULL,
  `exp_nombre_quien_autoriza` varchar(255) DEFAULT NULL,
  `exp_firma_quien_autoriza` text DEFAULT NULL,
  `exp_estatus` smallint(6) NOT NULL DEFAULT 2,
  `exp_fecha_estatus` timestamp NULL DEFAULT NULL,
  `exp_estatus_anterior` smallint(6) DEFAULT NULL,
  `exp_fecha_cambio_estatus_anterior` timestamp NULL DEFAULT NULL,
  `exp_fecha_hora_reporte` timestamp NULL DEFAULT NULL,
  `usu_id_alta` int(11) DEFAULT NULL,
  `usu_id_actualizacion` int(11) DEFAULT NULL,
  `usu_id_cambio_estatus` int(11) DEFAULT NULL COMMENT 'Número de Expediente\n\n',
  `exp_fecha_creacion` timestamp NULL DEFAULT current_timestamp(),
  `exp_fecha_actualizacion` timestamp NULL DEFAULT current_timestamp() ON UPDATE current_timestamp()
) ENGINE=InnoDB DEFAULT CHARSET=utf8mb3 COLLATE=utf8mb3_bin;

--
-- Volcado de datos para la tabla `expedientes`
--

INSERT INTO `expedientes` (`exp_id`, `exp_folio`, `exp_numero`, `exp_reporto_911_pregunta`, `exp_reporte_911`, `exp_folio_reporte_911`, `exp_modo_reporte`, `exp_zona`, `exp_nombre_quien_recibe`, `exp_firma_quien_recibe`, `exp_autoriza_difusion_alerta`, `exp_nombre_quien_autoriza`, `exp_firma_quien_autoriza`, `exp_estatus`, `exp_fecha_estatus`, `exp_estatus_anterior`, `exp_fecha_cambio_estatus_anterior`, `exp_fecha_hora_reporte`, `usu_id_alta`, `usu_id_actualizacion`, `usu_id_cambio_estatus`, `exp_fecha_creacion`, `exp_fecha_actualizacion`) VALUES
(2, '1742241170198c4ad307ba7ac8fde939a92cd07459', NULL, NULL, 'capturista', '1741610707c70e0bcbda362be5c41a49891df014a3', '', '', NULL, NULL, NULL, NULL, 'uploads/expediente/2/firmas/firma_2_exp_firma_quien_autoriza_1747755949.png', 1, NULL, NULL, NULL, '2025-03-17 13:52:00', 1, 1, NULL, '2025-03-17 19:52:50', '2025-05-20 09:45:49'),
(3, '17422423978d0c854d2ee98b52dcb7e99df2705061', NULL, NULL, 'capturista', '1741610707c70e0bcbda362be5c41a49891df014a3', '', '', NULL, NULL, NULL, NULL, NULL, 1, NULL, NULL, NULL, '2025-03-17 14:11:00', 1, 1, NULL, '2025-03-17 20:13:17', '2025-05-05 18:35:29'),
(4, '17422455747178cf04324c084ad99e8b8b4559b19a', NULL, NULL, 'capturista', '17422423978d0c854d2ee98b52dcb7e99df2705061', '', '', NULL, 'uploads/expediente/4/firmas/firma_4_exp_firma_quien_recibe_1743380357.png', NULL, NULL, NULL, 1, NULL, NULL, NULL, '2025-03-17 14:11:00', 1, 1, NULL, '2025-03-17 21:06:14', '2025-05-05 18:35:48'),
(5, '1742246505bdb3a36c4c234ee3abf5ad491bb604c0', NULL, NULL, 'capturista', '17422455747178cf04324c084ad99e8b8b4559b19a', '', '', NULL, 'uploads/expediente/5/firmas/firma_5_exp_firma_quien_recibe_1742696639.png', NULL, NULL, NULL, 1, NULL, NULL, NULL, '2025-03-17 14:11:00', 1, 1, NULL, '2025-03-17 21:21:45', '2025-05-05 18:35:56'),
(6, 'WSA/III/6/2025', NULL, NULL, 'capturista', '121231232', NULL, 'WSA', NULL, NULL, NULL, NULL, NULL, 1, NULL, NULL, NULL, '2025-03-29 22:49:38', 8, 1, NULL, '2025-03-30 06:02:46', '2025-05-05 18:39:38'),
(7, 'ZA/III/7/2025', NULL, NULL, '', '', 'presencial', 'ZA', NULL, 'uploads/expediente/7/firmas/firma_7_exp_firma_quien_recibe_1743441529.png', NULL, NULL, NULL, 1, NULL, NULL, NULL, '2025-03-31 09:24:00', 1, 1, NULL, '2025-03-31 15:25:12', '2025-05-05 18:39:32'),
(8, 'ZC/III/8/2025', NULL, NULL, '', '', 'presencial', 'ZC', NULL, NULL, NULL, NULL, NULL, 2, NULL, NULL, NULL, '2025-03-03 12:15:00', 1, 1, NULL, '2025-04-14 18:40:53', '2025-04-14 20:11:38'),
(9, 'ZC/III/9/2025', NULL, NULL, '', '', 'presencial', 'ZC', NULL, NULL, NULL, NULL, NULL, 1, NULL, NULL, NULL, '2025-03-03 12:15:00', 1, 1, NULL, '2025-04-14 19:24:47', '2025-05-05 18:39:25'),
(10, 'ZC/IV/10/2025', NULL, NULL, '', 'ZC/IV/10/2025', '', 'ZC', NULL, 'uploads/expediente/10/firmas/firma_10_exp_firma_quien_recibe_1744659668.png', NULL, NULL, NULL, 1, NULL, NULL, NULL, '2025-04-14 12:50:00', 11, 1, NULL, '2025-04-14 19:27:39', '2025-05-05 18:39:35'),
(11, 'ZC/III/11/2025', NULL, NULL, '', '', 'presencial', 'ZC', NULL, NULL, NULL, NULL, NULL, 1, NULL, NULL, NULL, '2025-03-03 12:15:00', 1, 1, NULL, '2025-04-14 20:12:11', '2025-05-05 18:39:28'),
(12, 'ZC/II/12/2025', NULL, NULL, '', '', 'presencial', 'ZC', NULL, NULL, NULL, NULL, NULL, 1, NULL, NULL, NULL, '2025-02-14 12:15:00', 1, 1, NULL, '2025-04-14 20:15:53', '2025-05-05 18:39:22'),
(13, 'ZC/III/13/2025', NULL, NULL, '', 'ZC/III/9/2025', 'presencial', 'ZC', NULL, NULL, NULL, NULL, NULL, 2, NULL, NULL, NULL, '2025-03-03 12:15:00', 1, NULL, NULL, '2025-04-14 20:19:12', '2025-04-14 20:19:12'),
(14, 'ZC/III/14/2025', NULL, NULL, '', '', 'presencial', 'ZC', NULL, NULL, NULL, NULL, NULL, 1, NULL, NULL, NULL, '2025-03-03 12:15:00', 1, 1, NULL, '2025-04-14 20:27:56', '2025-05-05 18:39:19'),
(15, 'ZC/I/15/2025', NULL, NULL, '', 'ZC/I/15/2025', 'presencial', 'ZC', NULL, NULL, NULL, NULL, 'uploads/expediente/15/firmas/firma_15_exp_firma_quien_autoriza_1747755968.png', 2, NULL, NULL, NULL, '2025-01-28 15:58:00', 1, 1, NULL, '2025-04-14 20:44:00', '2025-05-20 09:46:08'),
(16, 'ZA/V/16/2025', NULL, NULL, 'ss', '3333', 'celular', 'ZA', NULL, NULL, NULL, NULL, NULL, 1, NULL, NULL, NULL, '2025-05-05 20:27:00', 1, 1, NULL, '2025-05-05 02:33:57', '2025-05-05 18:38:58'),
(17, 'ASDASD/V/17/2025', 12345, NULL, 'REP-911-56789', 'FOL-911-98765', 'Presencial', 'ASDASD', NULL, NULL, NULL, NULL, NULL, 1, NULL, NULL, NULL, '2025-05-05 20:42:00', 1, 1, NULL, '2025-05-05 02:44:56', '2025-05-05 04:06:34'),
(18, 'ZC/V/18/2025', NULL, NULL, 'Freddy Vega', '3333', 'celular', 'ZC', NULL, NULL, NULL, NULL, NULL, 1, NULL, NULL, NULL, '2025-05-08 20:47:00', 1, 1, NULL, '2025-05-05 02:47:43', '2025-05-05 18:39:16'),
(19, 'ZC/I/19/2025', NULL, NULL, '', 'ZC/I/15/2025', 'presencial', 'ZC', NULL, NULL, NULL, NULL, NULL, 1, NULL, NULL, NULL, '2025-01-28 15:58:00', 1, 1, NULL, '2025-05-05 02:56:49', '2025-05-05 18:39:01'),
(20, 'ZA/V/20/2025', NULL, NULL, 'ss', 'ZA/V/16/2025', 'celular', 'ZA', NULL, NULL, NULL, NULL, NULL, 1, NULL, NULL, NULL, '2025-05-05 20:27:00', 1, 1, NULL, '2025-05-05 02:58:50', '2025-05-05 18:39:13'),
(21, 'ZA/V/21/2025', NULL, NULL, 'Freddy Vega', 'ZA/V/17/2025', 'celular', 'ZA', NULL, NULL, NULL, NULL, NULL, 1, NULL, NULL, NULL, '2025-05-05 20:42:00', 1, 1, NULL, '2025-05-05 03:01:19', '2025-05-05 18:38:52'),
(22, 'ZA/V/22/2025', NULL, NULL, '', '', 'presencial', 'ZA', NULL, NULL, NULL, NULL, NULL, 1, NULL, NULL, NULL, '2025-05-05 21:11:00', 1, 1, NULL, '2025-05-05 03:12:18', '2025-05-05 18:38:42'),
(23, 'ZA/V/23/2025', NULL, NULL, '', '', '', 'ZA', NULL, NULL, NULL, NULL, NULL, 1, NULL, NULL, NULL, '2025-05-05 21:15:00', 1, 1, NULL, '2025-05-05 03:20:11', '2025-05-05 18:38:49'),
(24, 'ZA/V/24/2025', NULL, NULL, '', '', '', 'ZA', NULL, NULL, NULL, NULL, NULL, 1, NULL, NULL, NULL, '2025-05-05 21:15:00', 1, 1, NULL, '2025-05-05 03:22:14', '2025-05-05 18:38:46'),
(25, 'ZA/V/25/2025', NULL, NULL, '', '', '', 'ZA', NULL, NULL, NULL, NULL, NULL, 1, NULL, NULL, NULL, '2025-05-05 21:33:00', 1, 1, NULL, '2025-05-05 03:44:50', '2025-05-05 18:39:09'),
(26, 'ZA/V/26/2025', NULL, NULL, '', '', '', 'ZA', NULL, NULL, NULL, NULL, NULL, 1, NULL, NULL, NULL, '2025-05-05 21:47:00', 1, 1, NULL, '2025-05-05 03:49:48', '2025-05-05 18:35:17'),
(27, 'ZA/V/27/2025', NULL, NULL, '', '', '', 'ZA', NULL, NULL, NULL, NULL, NULL, 1, NULL, NULL, NULL, '2025-05-05 21:47:00', 1, 1, NULL, '2025-05-05 03:56:09', '2025-05-05 18:38:54'),
(28, 'ZC/V/28/2025', NULL, NULL, '', '', 'presencial', 'ZC', NULL, NULL, NULL, NULL, NULL, 1, NULL, NULL, NULL, '2025-05-05 22:13:00', 1, 1, NULL, '2025-05-05 04:34:12', '2025-05-05 18:35:10'),
(29, 'ZC/V/29/2025', NULL, NULL, '', 'ZC/V/29/2025', 'celular', 'ZC', NULL, NULL, NULL, NULL, NULL, 1, NULL, NULL, NULL, '2025-05-09 17:01:00', 1, 1, NULL, '2025-05-09 23:12:21', '2025-06-02 17:44:05'),
(30, 'ZC/V/30/2025', NULL, NULL, '', '', 'celular', 'ZC', NULL, NULL, NULL, NULL, NULL, 1, NULL, NULL, NULL, '2025-05-13 10:38:00', 1, 1, NULL, '2025-05-13 16:40:16', '2025-06-02 17:44:02'),
(31, 'ZC/V/31/2025', NULL, NULL, '', '', 'celular', 'ZC', NULL, NULL, NULL, NULL, NULL, 1, NULL, NULL, NULL, '2025-05-31 19:03:00', 1, 1, NULL, '2025-05-31 01:03:48', '2025-06-02 17:43:59'),
(32, 'ZH/VI/32/2025', NULL, NULL, '', '', 'celular', 'ZH', NULL, NULL, NULL, NULL, NULL, 1, NULL, NULL, NULL, '2025-06-02 11:42:00', 1, 1, NULL, '2025-06-02 17:44:18', '2025-06-02 17:47:15'),
(33, 'ZC/VI/33/2025', NULL, NULL, '', '', 'celular', 'ZC', NULL, NULL, NULL, NULL, NULL, 1, NULL, NULL, NULL, '2025-06-02 11:42:00', 1, 1, NULL, '2025-06-02 17:47:32', '2025-06-21 20:32:41'),
(34, 'ZH/VI/34/2025', NULL, NULL, '', '', 'celular', 'ZH', NULL, NULL, NULL, NULL, NULL, 1, NULL, NULL, NULL, '2025-06-02 11:49:00', 1, 1, NULL, '2025-06-02 17:50:16', '2025-06-21 20:32:38'),
(35, 'ZA/VI/35/2025', NULL, NULL, '', '', '', 'ZA', NULL, 'uploads/expediente/35/firmas/firma_35_exp_firma_quien_recibe_1748888912.png', NULL, NULL, NULL, 1, NULL, NULL, NULL, '2025-06-02 11:49:00', 1, 1, NULL, '2025-06-02 17:52:33', '2025-06-14 03:28:56'),
(36, 'ZA/VI/36/2025', 12345, NULL, 'REP-911-56789', 'ASDASD/VI/36/2025', 'presencial', 'ZA', NULL, NULL, NULL, NULL, NULL, 1, NULL, NULL, NULL, '2025-06-02 11:42:00', 1, 1, NULL, '2025-06-02 17:54:10', '2025-06-21 20:32:35'),
(37, 'ZC/VI/37/2025', NULL, NULL, '', 'ZC/VI/37/2025', 'celular', 'ZC', NULL, 'uploads/expediente/37/firmas/firma_37_exp_firma_quien_recibe_1748889711.png', NULL, NULL, 'uploads/expediente/37/firmas/firma_37_exp_firma_quien_autoriza_1748889719.png', 2, NULL, NULL, NULL, '2025-06-02 00:10:00', 100, 100, NULL, '2025-06-02 18:10:35', '2025-06-02 12:41:59'),
(38, 'ZC/VI/38/2025', NULL, NULL, '', '', '', 'ZC', NULL, 'uploads/expediente/38/firmas/firma_38_exp_firma_quien_recibe_1748977613.png', NULL, NULL, 'uploads/expediente/38/firmas/firma_38_exp_firma_quien_autoriza_1748977627.png', 1, NULL, NULL, NULL, '2025-06-03 13:04:00', 1, 1, NULL, '2025-06-03 19:04:58', '2025-06-21 20:32:33'),
(39, 'ZC/VI/39/2025', NULL, NULL, '53', '25267754', '911', 'ZC', NULL, 'uploads/expediente/39/firmas/firma_39_exp_firma_quien_recibe_1750090130.png', NULL, NULL, 'uploads/expediente/39/firmas/firma_39_exp_firma_quien_autoriza_1750090236.png', 2, NULL, NULL, NULL, '2025-06-11 21:55:00', 1, NULL, NULL, '2025-06-16 15:41:38', '2025-06-16 10:10:36'),
(40, 'ZC/VI/40/2025', NULL, NULL, '', '', 'celular', 'ZC', NULL, 'uploads/expediente/40/firmas/firma_40_exp_firma_quien_recibe_1750536352.png', NULL, NULL, 'uploads/expediente/40/firmas/firma_40_exp_firma_quien_autoriza_1750536361.png', 1, NULL, NULL, NULL, '2025-06-21 14:00:00', 1, 1, NULL, '2025-06-21 20:01:17', '2025-06-21 20:06:23'),
(41, 'ZC/VI/41/2025', NULL, NULL, '', '', '', 'ZC', NULL, NULL, NULL, NULL, NULL, 1, NULL, NULL, NULL, '2025-06-21 14:00:00', 1, 1, NULL, '2025-06-21 20:13:19', '2025-06-21 20:32:29'),
(42, 'ZA/VI/42/2025', NULL, NULL, '', '', 'celular', 'ZA', NULL, 'uploads/expediente/42/firmas/firma_42_exp_firma_quien_recibe_1750537881.png', NULL, NULL, 'uploads/expediente/42/firmas/firma_42_exp_firma_quien_autoriza_1750537887.png', 1, NULL, NULL, NULL, '2025-06-21 14:00:00', 1, 1, NULL, '2025-06-21 20:29:05', '2025-06-21 20:32:25'),
(43, 'ZH/VI/43/2025', NULL, NULL, '', '', 'presencial', 'ZH', NULL, 'uploads/expediente/43/firmas/firma_43_exp_firma_quien_recibe_1750538022.png', NULL, NULL, 'uploads/expediente/43/firmas/firma_43_exp_firma_quien_autoriza_1750538027.png', 2, NULL, NULL, NULL, '2025-06-21 14:32:00', 1, NULL, NULL, '2025-06-21 20:33:05', '2025-06-21 14:33:47'),
(44, 'ZA/VI/44/2025', NULL, NULL, '', '', 'celular', 'ZA', NULL, 'uploads/expediente/44/firmas/firma_44_exp_firma_quien_recibe_1750538498.png', NULL, NULL, 'uploads/expediente/44/firmas/firma_44_exp_firma_quien_autoriza_1750538503.png', 2, NULL, NULL, NULL, '2025-06-21 14:39:00', 1, NULL, NULL, '2025-06-21 20:40:58', '2025-06-21 14:41:43'),
(45, 'ZH/VI/45/2025', NULL, NULL, '', '', 'celular', 'ZH', NULL, NULL, NULL, NULL, NULL, 2, NULL, NULL, NULL, '2025-06-21 14:43:00', 1, NULL, NULL, '2025-06-21 20:44:14', '2025-06-21 20:44:14'),
(46, 'ZH/VI/46/2025', NULL, NULL, '', 'ZH/VI/45/2025', 'celular', 'ZH', NULL, 'uploads/expediente/46/firmas/firma_46_exp_firma_quien_recibe_1750538787.png', NULL, NULL, NULL, 2, NULL, NULL, NULL, '2025-06-21 14:43:00', 1, NULL, NULL, '2025-06-21 20:45:55', '2025-06-21 14:46:27'),
(47, 'ZA/VI/47/2025', NULL, NULL, '', '', 'celular', 'ZA', NULL, NULL, NULL, NULL, NULL, 2, NULL, NULL, NULL, '2025-06-21 15:31:00', 1, NULL, NULL, '2025-06-21 21:31:36', '2025-06-21 21:31:36'),
(48, 'ZA/VI/48/2025', NULL, NULL, '', '', 'presencial', 'ZA', NULL, NULL, NULL, NULL, NULL, 2, NULL, NULL, NULL, '2025-06-21 15:32:00', 1, NULL, NULL, '2025-06-21 21:32:46', '2025-06-21 21:32:46'),
(49, 'ZC/VI/49/2025', NULL, NULL, '', '', 'presencial', 'ZC', NULL, NULL, NULL, NULL, NULL, 2, NULL, NULL, NULL, '2025-06-21 15:32:00', 1, NULL, NULL, '2025-06-21 21:43:44', '2025-06-21 21:43:44');

-- --------------------------------------------------------

--
-- Estructura de tabla para la tabla `exp_usu_rel`
--

CREATE TABLE `exp_usu_rel` (
  `eur_id` int(11) NOT NULL,
  `usu_id` int(11) NOT NULL,
  `exp_id` int(11) NOT NULL,
  `eur_estatus` smallint(6) NOT NULL DEFAULT 2,
  `eur_fecha_creacion` timestamp NULL DEFAULT current_timestamp(),
  `eur_fecha_actualizacion` timestamp NULL DEFAULT current_timestamp() ON UPDATE current_timestamp()
) ENGINE=InnoDB DEFAULT CHARSET=utf8mb3 COLLATE=utf8mb3_bin;

--
-- Volcado de datos para la tabla `exp_usu_rel`
--

INSERT INTO `exp_usu_rel` (`eur_id`, `usu_id`, `exp_id`, `eur_estatus`, `eur_fecha_creacion`, `eur_fecha_actualizacion`) VALUES
(1, 10, 9, 2, '2025-04-30 14:55:25', '2025-05-17 23:07:34'),
(2, 95, 8, 2, '2025-05-17 23:12:25', '2025-05-17 23:12:25'),
(3, 86, 15, 2, '2025-05-17 23:14:06', '2025-05-17 23:14:06');

-- --------------------------------------------------------

--
-- Estructura de tabla para la tabla `instituciones_conocedoras`
--

CREATE TABLE `instituciones_conocedoras` (
  `ins_id` int(11) NOT NULL,
  `prd_id` int(11) NOT NULL,
  `ins_fiscalia` varchar(10) DEFAULT NULL COMMENT 'Si o No',
  `ins_fiscalia_no_de_averiguacion_previa` varchar(255) DEFAULT NULL COMMENT 'No. de Averiguación Previa',
  `ins_fiscalia_numero_de_averiguacion` varchar(255) DEFAULT NULL COMMENT 'Número de averiguación',
  `ins_fiscalia_carpeta_de_investigacion` varchar(255) DEFAULT NULL COMMENT 'Carpeta de Investigación',
  `ins_fiscalia_numero_de_carpeta` varchar(255) DEFAULT NULL COMMENT 'Número de carpeta',
  `ins_colectivos` varchar(10) NOT NULL DEFAULT 'No' COMMENT 'Si o No',
  `ins_colectivos_especificar_colectivos` varchar(255) DEFAULT NULL COMMENT 'Especificar Colectivos',
  `ins_colectivos_detalles_de_los_colectivos_involucrados` text DEFAULT NULL COMMENT 'Detalles de los colectivos involucrados',
  `ins_policia` varchar(10) DEFAULT NULL COMMENT 'Si o No',
  `ins_policia_especificar_otros_detalles` varchar(255) DEFAULT NULL COMMENT 'Especificar otros detalles',
  `ins_policia_detalles_de_la_intervencion_policial` text DEFAULT NULL COMMENT 'Detalles adicionales sobre la intervención policial',
  `ins_policia_observaciones_comentarios_desaparicion_colectiva` text DEFAULT NULL COMMENT 'Observaciones y/o Comentarios (Desaparición Colectiva)',
  `ins_estatus` smallint(6) NOT NULL DEFAULT 2,
  `ins_fecha_creacion` timestamp NULL DEFAULT current_timestamp(),
  `ins_fecha_actualizacion` timestamp NULL DEFAULT current_timestamp() ON UPDATE current_timestamp()
) ENGINE=InnoDB DEFAULT CHARSET=utf8mb3 COLLATE=utf8mb3_bin;

--
-- Volcado de datos para la tabla `instituciones_conocedoras`
--

INSERT INTO `instituciones_conocedoras` (`ins_id`, `prd_id`, `ins_fiscalia`, `ins_fiscalia_no_de_averiguacion_previa`, `ins_fiscalia_numero_de_averiguacion`, `ins_fiscalia_carpeta_de_investigacion`, `ins_fiscalia_numero_de_carpeta`, `ins_colectivos`, `ins_colectivos_especificar_colectivos`, `ins_colectivos_detalles_de_los_colectivos_involucrados`, `ins_policia`, `ins_policia_especificar_otros_detalles`, `ins_policia_detalles_de_la_intervencion_policial`, `ins_policia_observaciones_comentarios_desaparicion_colectiva`, `ins_estatus`, `ins_fecha_creacion`, `ins_fecha_actualizacion`) VALUES
(2, 6, 'SI', '', '', 'D12/00118/25.', 'D12/00118/25.', 'No', '', '', 'NO', '', '', '', 2, '2025-04-14 19:18:29', '2025-04-14 20:05:29'),
(3, 7, 'NO', '', '', '', '', 'No', '', '', 'NO', '', '', '', 2, '2025-04-14 19:38:31', '2025-04-14 19:38:31'),
(4, 8, 'SI', '', '', 'D12/00118/25.', 'D12/00118/25.', 'No', '', '', 'NO', '', '', '', 2, '2025-04-14 20:21:55', '2025-04-14 20:21:55'),
(5, 10, 'NO', '', '', '', '', 'No', '', '', 'NO', '', '', '', 2, '2025-05-09 23:13:20', '2025-05-09 23:13:20'),
(6, 11, 'NO', '', '', '', '', 'No', '', '', 'NO', '', '', '', 2, '2025-06-02 17:53:03', '2025-06-02 17:53:03'),
(7, 12, 'NO', '', '', '', '', 'No', '', '', 'SI', '', '', '', 2, '2025-06-02 18:21:35', '2025-06-02 18:21:35'),
(8, 13, 'NO', '', '', '', '', 'No', '', '', 'NO', '', '', '', 2, '2025-06-03 19:06:05', '2025-06-03 19:06:05'),
(9, 14, 'SI', '-', '', 'S/D', 'S/D', 'No', '', '', 'NO', '', '', '', 2, '2025-06-16 16:06:10', '2025-06-16 16:06:10'),
(10, 15, 'NO', '', '', '', '', 'No', '', '', 'NO', '', '', '', 2, '2025-06-21 20:05:38', '2025-06-21 20:05:38'),
(11, 17, 'NO', '', '', '', '', 'No', '', '', 'NO', '', '', '', 2, '2025-06-21 20:29:32', '2025-06-21 20:29:32'),
(12, 18, 'NO', '', '', '', '', 'No', '', '', 'NO', '', '', '', 2, '2025-06-21 20:41:28', '2025-06-21 20:41:28'),
(13, 19, 'NO', '', '', '', '', 'No', '', '', 'NO', '', '', '', 2, '2025-06-21 20:44:38', '2025-06-21 20:44:38'),
(14, 20, 'NO', '', '', '', '', 'No', '', '', 'NO', '', '', '', 2, '2025-06-21 20:46:20', '2025-06-21 20:46:20'),
(15, 22, 'NO', '', '', '', '', 'No', '', '', 'NO', '', '', '', 2, '2025-06-21 21:44:21', '2025-06-21 21:44:21');

-- --------------------------------------------------------

--
-- Estructura de tabla para la tabla `media_filiacion_bigotes`
--

CREATE TABLE `media_filiacion_bigotes` (
  `big_id` bigint(20) NOT NULL,
  `big_tiene` varchar(10) DEFAULT NULL,
  `big_capilaridad` varchar(255) DEFAULT NULL,
  `big_longitud` varchar(255) DEFAULT NULL,
  `big_barba_tiene` varchar(10) DEFAULT NULL,
  `big_barba_capilaridad` varchar(255) DEFAULT NULL,
  `big_barba_longitud` varchar(255) DEFAULT NULL,
  `big_barba_estilo` varchar(255) DEFAULT NULL,
  `prd_id` int(11) NOT NULL,
  `big_estatus` smallint(6) DEFAULT 2,
  `big_fecha_creacion` timestamp NULL DEFAULT current_timestamp(),
  `big_fecha_actualizacion` timestamp NULL DEFAULT current_timestamp() ON UPDATE current_timestamp()
) ENGINE=InnoDB DEFAULT CHARSET=utf8mb3 COLLATE=utf8mb3_bin;

--
-- Volcado de datos para la tabla `media_filiacion_bigotes`
--

INSERT INTO `media_filiacion_bigotes` (`big_id`, `big_tiene`, `big_capilaridad`, `big_longitud`, `big_barba_tiene`, `big_barba_capilaridad`, `big_barba_longitud`, `big_barba_estilo`, `prd_id`, `big_estatus`, `big_fecha_creacion`, `big_fecha_actualizacion`) VALUES
(2, 'SI', 'despoblada', 'corto', 'SI', 'despoblada', 'corta', 'chivero', 6, 2, '2025-04-14 19:04:20', '2025-04-14 19:50:15'),
(3, 'NO', '', '', 'NO', '', '', '', 7, 2, '2025-04-14 19:37:33', '2025-04-14 19:37:33'),
(4, 'SI', 'despoblada', 'corto', 'SI', 'despoblada', 'corta', 'chivero', 8, 2, '2025-04-14 20:21:00', '2025-04-14 20:21:00'),
(5, 'NO', '', '', 'NO', '', '', '', 9, 2, '2025-04-14 21:09:40', '2025-04-14 21:09:40'),
(6, 'NO', '', '', 'NO', '', '', '', 10, 2, '2025-05-09 23:12:59', '2025-05-09 23:12:59'),
(7, 'NO', '', '', 'NO', '', '', '', 11, 2, '2025-06-02 17:52:46', '2025-06-02 17:52:46'),
(8, 'NO', '', '', 'SI', 'despoblada', 'corta', 'lado', 12, 2, '2025-06-02 18:17:44', '2025-06-02 18:17:44'),
(9, 'NO', '', '', 'NO', '', '', '', 13, 2, '2025-06-03 19:05:35', '2025-06-03 19:05:35'),
(10, 'NO', '', '', 'NO', '', '', '', 14, 2, '2025-06-16 15:52:08', '2025-06-16 15:52:08'),
(11, 'NO', '', '', 'NO', '', '', '', 15, 2, '2025-06-21 20:05:03', '2025-06-21 20:05:03'),
(12, 'NO', '', '', 'NO', '', '', '', 16, 2, '2025-06-21 20:13:36', '2025-06-21 20:13:36'),
(13, 'NO', '', '', 'NO', '', '', '', 17, 2, '2025-06-21 20:29:17', '2025-06-21 20:29:17'),
(14, 'NO', '', '', 'NO', '', '', '', 18, 2, '2025-06-21 20:41:09', '2025-06-21 20:41:09'),
(15, 'NO', '', '', 'NO', '', '', '', 19, 2, '2025-06-21 20:44:23', '2025-06-21 20:44:23'),
(16, 'NO', '', '', 'NO', '', '', '', 20, 2, '2025-06-21 20:46:05', '2025-06-21 20:46:05'),
(17, 'NO', '', '', 'NO', '', '', '', 21, 2, '2025-06-21 21:33:40', '2025-06-21 21:33:40'),
(18, 'NO', '', '', 'NO', '', '', '', 22, 2, '2025-06-21 21:44:01', '2025-06-21 21:44:01');

-- --------------------------------------------------------

--
-- Estructura de tabla para la tabla `media_filiacion_cabellos`
--

CREATE TABLE `media_filiacion_cabellos` (
  `cab_id` bigint(20) NOT NULL,
  `cab_color` varchar(255) DEFAULT NULL,
  `cab_longitud` varchar(255) DEFAULT NULL,
  `cab_forma` varchar(255) DEFAULT NULL,
  `prd_id` int(11) NOT NULL,
  `cab_estatus` smallint(6) DEFAULT 2,
  `cab_fecha_creacion` timestamp NULL DEFAULT current_timestamp(),
  `cab_fecha_actualizacion` timestamp NULL DEFAULT current_timestamp() ON UPDATE current_timestamp()
) ENGINE=InnoDB DEFAULT CHARSET=utf8mb3 COLLATE=utf8mb3_bin;

--
-- Volcado de datos para la tabla `media_filiacion_cabellos`
--

INSERT INTO `media_filiacion_cabellos` (`cab_id`, `cab_color`, `cab_longitud`, `cab_forma`, `prd_id`, `cab_estatus`, `cab_fecha_creacion`, `cab_fecha_actualizacion`) VALUES
(2, 'negro', 'corto', 'liso', 6, 2, '2025-04-14 19:04:06', '2025-04-14 19:49:29'),
(3, '', '', '', 7, 2, '2025-04-14 19:37:30', '2025-04-14 19:37:30'),
(4, 'negro', 'corto', 'liso', 8, 2, '2025-04-14 20:20:56', '2025-04-14 20:20:56'),
(5, 'castaño_oscuro', 'corto', 'liso', 9, 2, '2025-04-14 21:09:30', '2025-04-14 21:09:30'),
(6, '', '', '', 10, 2, '2025-05-09 23:12:57', '2025-05-09 23:12:57'),
(7, '', '', '', 11, 2, '2025-06-02 17:52:44', '2025-06-02 17:52:44'),
(8, 'negro', 'mediano', 'liso', 12, 2, '2025-06-02 18:17:07', '2025-06-02 18:17:07'),
(9, '', '', '', 13, 2, '2025-06-03 19:05:33', '2025-06-03 19:05:33'),
(10, 'negro', 'mediano', 'ondulado', 14, 2, '2025-06-16 15:52:02', '2025-06-16 15:52:02'),
(11, '', '', '', 15, 2, '2025-06-21 20:05:01', '2025-06-21 20:05:01'),
(12, '', '', '', 16, 2, '2025-06-21 20:13:34', '2025-06-21 20:13:34'),
(13, '', '', '', 17, 2, '2025-06-21 20:29:16', '2025-06-21 20:29:16'),
(14, '', '', '', 18, 2, '2025-06-21 20:41:07', '2025-06-21 20:41:07'),
(15, '', '', '', 19, 2, '2025-06-21 20:44:22', '2025-06-21 20:44:22'),
(16, '', '', '', 20, 2, '2025-06-21 20:46:03', '2025-06-21 20:46:03'),
(17, '', '', '', 21, 2, '2025-06-21 21:33:36', '2025-06-21 21:33:36'),
(18, '', '', '', 22, 2, '2025-06-21 21:43:59', '2025-06-21 21:43:59');

-- --------------------------------------------------------

--
-- Estructura de tabla para la tabla `media_filiacion_caras`
--

CREATE TABLE `media_filiacion_caras` (
  `mfc_id` bigint(20) NOT NULL,
  `mfc_forma_cara` varchar(255) DEFAULT NULL,
  `mfc_tez` varchar(255) DEFAULT NULL,
  `mfc_particularidad` varchar(255) DEFAULT NULL,
  `mfc_nariz` varchar(255) DEFAULT NULL,
  `mfc_boca` varchar(255) DEFAULT NULL,
  `mfc_labios` varchar(255) DEFAULT NULL,
  `mfc_cejas` varchar(255) DEFAULT NULL,
  `prd_id` int(11) NOT NULL,
  `mfc_estatus` smallint(6) DEFAULT 2,
  `mfc_fecha_creacion` timestamp NULL DEFAULT current_timestamp(),
  `mfc_fecha_actualizacion` timestamp NULL DEFAULT current_timestamp() ON UPDATE current_timestamp()
) ENGINE=InnoDB DEFAULT CHARSET=utf8mb3 COLLATE=utf8mb3_bin;

--
-- Volcado de datos para la tabla `media_filiacion_caras`
--

INSERT INTO `media_filiacion_caras` (`mfc_id`, `mfc_forma_cara`, `mfc_tez`, `mfc_particularidad`, `mfc_nariz`, `mfc_boca`, `mfc_labios`, `mfc_cejas`, `prd_id`, `mfc_estatus`, `mfc_fecha_creacion`, `mfc_fecha_actualizacion`) VALUES
(2, '', 'blanca', 'none', 'Respingada', 'grande', 'gruesos', 'Despobladas finas', 6, 2, '2025-04-14 19:03:21', '2025-04-14 19:48:44'),
(3, '', '', '', '', '', '', '', 7, 2, '2025-04-14 19:37:25', '2025-04-14 19:37:25'),
(4, '', 'blanca', 'none', 'Respingada', 'grande', 'gruesos', 'Despobladas finas', 8, 2, '2025-04-14 20:20:48', '2025-04-14 20:20:48'),
(5, '', 'blanca', 'none', 'achatada', 'mediana', 'delgados', '', 9, 2, '2025-04-14 21:07:51', '2025-04-14 21:07:51'),
(6, '', '', '', '', '', '', '', 10, 2, '2025-05-09 23:12:53', '2025-05-09 23:12:53'),
(7, '', '', '', '', '', '', '', 11, 2, '2025-06-02 17:52:40', '2025-06-02 17:52:40'),
(8, '', 'blanca', 'none', 'achatada', 'mediana', 'delgados', 'arqueadas', 12, 2, '2025-06-02 18:16:26', '2025-06-02 18:16:26'),
(9, '', '', '', '', '', '', '', 13, 2, '2025-06-03 19:05:27', '2025-06-03 19:05:27'),
(10, '', 'morena', 'none', 'Afilada', 'mediana', 'delgados', 'Pobladas', 14, 2, '2025-06-16 15:50:59', '2025-06-16 15:50:59'),
(11, '', '', '', '', '', '', '', 15, 2, '2025-06-21 20:04:57', '2025-06-21 20:04:57'),
(12, '', '', '', '', '', '', '', 16, 2, '2025-06-21 20:13:29', '2025-06-21 20:13:29'),
(13, '', '', '', '', '', '', '', 17, 2, '2025-06-21 20:29:12', '2025-06-21 20:29:12'),
(14, '', '', '', '', '', '', '', 18, 2, '2025-06-21 20:41:04', '2025-06-21 20:41:04'),
(15, '', '', '', '', '', '', '', 19, 2, '2025-06-21 20:44:19', '2025-06-21 20:44:19'),
(16, '', '', '', '', '', '', '', 20, 2, '2025-06-21 20:46:01', '2025-06-21 20:46:01'),
(17, '', '', '', '', '', '', '', 21, 2, '2025-06-21 21:33:34', '2025-06-21 21:33:34'),
(18, '', '', '', '', '', '', '', 22, 2, '2025-06-21 21:43:55', '2025-06-21 21:43:55');

-- --------------------------------------------------------

--
-- Estructura de tabla para la tabla `media_filiacion_cuerpos`
--

CREATE TABLE `media_filiacion_cuerpos` (
  `cpo_id` bigint(20) NOT NULL,
  `cpo_complexion` varchar(255) DEFAULT NULL,
  `cpo_orejas` varchar(255) DEFAULT NULL,
  `cpo_odontologicos` text DEFAULT NULL,
  `cpo_tatuajes_piercings` text DEFAULT NULL,
  `cpo_lunares` text DEFAULT NULL,
  `cpo_cicatrices` text DEFAULT NULL,
  `cpo_grupo_sanguineo` varchar(10) DEFAULT NULL,
  `prd_id` int(11) NOT NULL,
  `cpo_estatus` smallint(6) DEFAULT 2,
  `cpo_fecha_creacion` timestamp NULL DEFAULT current_timestamp(),
  `cpo_fecha_actualizacion` timestamp NULL DEFAULT current_timestamp() ON UPDATE current_timestamp()
) ENGINE=InnoDB DEFAULT CHARSET=utf8mb3 COLLATE=utf8mb3_bin;

--
-- Volcado de datos para la tabla `media_filiacion_cuerpos`
--

INSERT INTO `media_filiacion_cuerpos` (`cpo_id`, `cpo_complexion`, `cpo_orejas`, `cpo_odontologicos`, `cpo_tatuajes_piercings`, `cpo_lunares`, `cpo_cicatrices`, `cpo_grupo_sanguineo`, `prd_id`, `cpo_estatus`, `cpo_fecha_creacion`, `cpo_fecha_actualizacion`) VALUES
(2, 'robusta', 'lobulo_adherido', '', 'Tatuaje en: cejas, barbilla, cuello, hombros, pecho, costillas (cejas Family, reverso de las orejas: estrellas), piercing lóbulo izquierdo, en la otra ceja erecha love. ', '', 'Ninguno', '', 6, 2, '2025-04-14 19:06:51', '2025-04-14 19:53:41'),
(3, '', '', '', '', '', '', '', 7, 2, '2025-04-14 19:37:50', '2025-04-14 19:37:50'),
(4, 'robusta', 'lobulo_adherido', '', 'Tatuaje en: cejas, barbilla, cuello, hombros, pecho, costillas (cejas Family, reverso de las orejas: estrellas), piercing lóbulo izquierdo, en la otra ceja erecha love. ', '', 'Ninguno', '', 8, 2, '2025-04-14 20:21:10', '2025-04-14 20:21:10'),
(5, '', '', '', '', '', '', '', 10, 2, '2025-05-09 23:13:00', '2025-05-09 23:13:00'),
(6, '', '', '', '', '', '', '', 11, 2, '2025-06-02 17:52:47', '2025-06-02 17:52:47'),
(7, 'robusta', 'lobulo_separado', '', '', '', '', 'o_pos', 12, 2, '2025-06-02 18:18:23', '2025-06-02 18:18:43'),
(8, '', '', '', '', '', '', '', 13, 2, '2025-06-03 19:05:39', '2025-06-03 19:05:39'),
(9, 'delgada', 'lobulo_adherido', 'Ninguno', 'TATUAJES EN EL BRAZO DERECHO: 1 TAT EN LA MANO DERECHA; 1 TAT DETRÁS DEL HOMBRO DE UN CORAZÓN Y DENTRO DE ÉL UN ROSTRO DE UNA MUJER; 1 TAT DEL LOGOTIPO DE CARTEL DE SANTA; 1 TAT CON LAS LEYENDAS FERNANDA, SANTIAGO Y ALEJANDRA; 1 TAT DE UN RELOJ DEBAJO DE LA MUÑECA; 1 TAT DE UNA ROSA; 1 TAT DE UNA ARAÑA', 'SI', 'LUNAR EN LA BARBILA DE COLOR BLANCO DE APROX. 2 A 3 CM', 'o_pos', 14, 2, '2025-06-16 15:57:39', '2025-06-16 15:57:39'),
(10, '', '', '', '', '', '', '', 15, 2, '2025-06-21 20:05:04', '2025-06-21 20:05:04'),
(11, '', '', '', '', '', '', '', 17, 2, '2025-06-21 20:29:19', '2025-06-21 20:29:19'),
(12, '', '', '', '', '', '', '', 18, 2, '2025-06-21 20:41:11', '2025-06-21 20:41:11'),
(13, '', '', '', '', '', '', '', 19, 2, '2025-06-21 20:44:25', '2025-06-21 20:44:25'),
(14, '', '', '', '', '', '', '', 20, 2, '2025-06-21 20:46:06', '2025-06-21 20:46:06'),
(15, '', '', '', '', '', '', '', 22, 2, '2025-06-21 21:44:03', '2025-06-21 21:44:03');

-- --------------------------------------------------------

--
-- Estructura de tabla para la tabla `media_filiacion_ojos`
--

CREATE TABLE `media_filiacion_ojos` (
  `mfo_id` bigint(20) NOT NULL,
  `mfo_color_ojos` varchar(255) DEFAULT NULL,
  `mfo_tamano_ojos` varchar(255) DEFAULT NULL,
  `mfo_particularidad_ojos` varchar(255) DEFAULT NULL,
  `prd_id` int(11) NOT NULL,
  `mfo_estatus` smallint(6) DEFAULT 2,
  `mfo_fecha_creacion` timestamp NULL DEFAULT current_timestamp(),
  `mfo_fecha_actualizacion` timestamp NULL DEFAULT current_timestamp() ON UPDATE current_timestamp()
) ENGINE=InnoDB DEFAULT CHARSET=utf8mb3 COLLATE=utf8mb3_bin;

--
-- Volcado de datos para la tabla `media_filiacion_ojos`
--

INSERT INTO `media_filiacion_ojos` (`mfo_id`, `mfo_color_ojos`, `mfo_tamano_ojos`, `mfo_particularidad_ojos`, `prd_id`, `mfo_estatus`, `mfo_fecha_creacion`, `mfo_fecha_actualizacion`) VALUES
(2, 'cafes', 'pequeños', 'parpado_caido', 6, 2, '2025-04-14 19:03:43', '2025-04-14 19:49:15'),
(3, '', '', '', 7, 2, '2025-04-14 19:37:28', '2025-04-14 19:37:28'),
(4, 'cafes', 'pequeños', 'parpado_caido', 8, 2, '2025-04-14 20:20:52', '2025-04-14 20:20:52'),
(5, 'Verde ', 'medianos', '', 9, 2, '2025-04-14 21:09:01', '2025-04-14 21:09:01'),
(6, '', '', '', 10, 2, '2025-05-09 23:12:55', '2025-05-09 23:12:55'),
(7, '', '', '', 11, 2, '2025-06-02 17:52:42', '2025-06-02 17:52:42'),
(8, 'miel', 'medianos', 'ninguna', 12, 2, '2025-06-02 18:16:55', '2025-06-02 18:16:55'),
(9, '', '', '', 13, 2, '2025-06-03 19:05:31', '2025-06-03 19:05:31'),
(10, 'cafes', 'medianos', 'Ninguna', 14, 2, '2025-06-16 15:51:48', '2025-06-16 15:51:48'),
(11, '', '', '', 15, 2, '2025-06-21 20:04:59', '2025-06-21 20:04:59'),
(12, '', '', '', 16, 2, '2025-06-21 20:13:32', '2025-06-21 20:13:32'),
(13, '', '', '', 17, 2, '2025-06-21 20:29:14', '2025-06-21 20:29:14'),
(14, '', '', '', 18, 2, '2025-06-21 20:41:05', '2025-06-21 20:41:05'),
(15, '', '', '', 19, 2, '2025-06-21 20:44:21', '2025-06-21 20:44:21'),
(16, '', '', '', 20, 2, '2025-06-21 20:46:02', '2025-06-21 20:46:02'),
(17, '', '', '', 21, 2, '2025-06-21 21:33:35', '2025-06-21 21:33:35'),
(18, '', '', '', 22, 2, '2025-06-21 21:43:57', '2025-06-21 21:43:57');

-- --------------------------------------------------------

--
-- Estructura de tabla para la tabla `media_filiacion_vestimenta`
--

CREATE TABLE `media_filiacion_vestimenta` (
  `ves_id` bigint(20) NOT NULL,
  `ves_prenda_superior` varchar(255) DEFAULT NULL,
  `ves_prenda_inferior` varchar(255) DEFAULT NULL,
  `ves_prenda_interior` varchar(255) DEFAULT NULL,
  `ves_calzado` varchar(255) DEFAULT NULL,
  `ves_accesorios` text DEFAULT NULL,
  `ves_otros` text DEFAULT NULL,
  `prd_id` int(11) NOT NULL,
  `ves_estatus` smallint(6) DEFAULT 2,
  `ves_fecha_creacion` timestamp NULL DEFAULT current_timestamp(),
  `ves_fecha_actualizacion` timestamp NULL DEFAULT current_timestamp() ON UPDATE current_timestamp()
) ENGINE=InnoDB DEFAULT CHARSET=utf8mb3 COLLATE=utf8mb3_bin;

--
-- Volcado de datos para la tabla `media_filiacion_vestimenta`
--

INSERT INTO `media_filiacion_vestimenta` (`ves_id`, `ves_prenda_superior`, `ves_prenda_inferior`, `ves_prenda_interior`, `ves_calzado`, `ves_accesorios`, `ves_otros`, `prd_id`, `ves_estatus`, `ves_fecha_creacion`, `ves_fecha_actualizacion`) VALUES
(2, '', 'short beige tipo bermuda', 'Boxer', '', 'piercing', '', 6, 2, '2025-04-14 19:09:37', '2025-04-14 19:54:51'),
(3, '', '', '', '', '', '', 7, 2, '2025-04-14 19:37:55', '2025-04-14 19:37:55'),
(4, '', 'short beige tipo bermuda', 'Boxer', '', 'piercing', '', 8, 2, '2025-04-14 20:21:15', '2025-04-14 20:21:15'),
(5, '', '', '', '', '', '', 10, 2, '2025-05-09 23:13:02', '2025-05-09 23:13:02'),
(6, '', '', '', '', '', '', 11, 2, '2025-06-02 17:52:49', '2025-06-02 17:52:49'),
(7, 'playera manga larga amarilla', 'jeans azules', 'boxer negro', 'tenis blancos con suela ámbar', 'reloj en muñeca izquierda', '', 12, 2, '2025-06-02 18:19:32', '2025-06-02 18:19:32'),
(8, '', '', '', '', '', '', 13, 2, '2025-06-03 19:05:42', '2025-06-03 19:05:42'),
(9, 'Camisa azul tipo polo azul cielo', 'Pantalón de mezclilla oscuro', 'S/D', 'Zapato tipo industrial', 'S/D', 'S/D', 14, 2, '2025-06-16 15:59:29', '2025-06-16 15:59:29'),
(10, '', '', '', '', '', '', 15, 2, '2025-06-21 20:05:06', '2025-06-21 20:05:06'),
(11, '', '', '', '', '', '', 17, 2, '2025-06-21 20:29:20', '2025-06-21 20:29:20'),
(12, '', '', '', '', '', '', 18, 2, '2025-06-21 20:41:12', '2025-06-21 20:41:12'),
(13, '', '', '', '', '', '', 19, 2, '2025-06-21 20:44:27', '2025-06-21 20:44:27'),
(14, '', '', '', '', '', '', 20, 2, '2025-06-21 20:46:08', '2025-06-21 20:46:08'),
(15, '', '', '', '', '', '', 22, 2, '2025-06-21 21:44:04', '2025-06-21 21:44:04');

-- --------------------------------------------------------

--
-- Estructura de tabla para la tabla `medios_electronicos`
--

CREATE TABLE `medios_electronicos` (
  `med_id` bigint(20) NOT NULL,
  `med_movil_marca` varchar(255) DEFAULT NULL,
  `med_movil_marca_otro` varchar(255) DEFAULT NULL,
  `med_compania` varchar(255) DEFAULT NULL,
  `med_numero` varchar(20) DEFAULT NULL,
  `med_dispositivo` varchar(255) DEFAULT NULL,
  `med_correo` varchar(255) DEFAULT NULL,
  `med_redes_sociales` text DEFAULT NULL,
  `prd_id` int(11) DEFAULT NULL,
  `med_estatus` smallint(6) DEFAULT 2,
  `med_fecha_creacion` timestamp NULL DEFAULT current_timestamp(),
  `med_fecha_actualizacion` timestamp NULL DEFAULT current_timestamp() ON UPDATE current_timestamp()
) ENGINE=InnoDB DEFAULT CHARSET=utf8mb3 COLLATE=utf8mb3_bin;

--
-- Volcado de datos para la tabla `medios_electronicos`
--

INSERT INTO `medios_electronicos` (`med_id`, `med_movil_marca`, `med_movil_marca_otro`, `med_compania`, `med_numero`, `med_dispositivo`, `med_correo`, `med_redes_sociales`, `prd_id`, `med_estatus`, `med_fecha_creacion`, `med_fecha_actualizacion`) VALUES
(1, '', NULL, '', '', '', '', '', 2, 2, '2025-03-17 20:13:51', '2025-03-17 20:13:51'),
(2, 'apple', NULL, '', '4581276185', '', '', '', 6, 2, '2025-04-14 19:10:27', '2025-04-14 19:55:37'),
(3, '', NULL, '', '', '', '', '', 7, 2, '2025-04-14 19:37:58', '2025-04-14 19:37:58'),
(4, 'apple', NULL, '', '4581276185', '', '', '', 8, 2, '2025-04-14 20:21:18', '2025-04-14 20:21:18'),
(5, '', NULL, '', '', '', '', '', 10, 2, '2025-05-09 23:13:04', '2025-05-09 23:13:04'),
(6, '', NULL, '', '', '', '', '', 11, 2, '2025-06-02 17:52:51', '2025-06-02 17:52:51'),
(7, 'apple', NULL, 'telcel', '5500007890', '', 'correo@hotmail.com', 'se desconoce', 12, 2, '2025-06-02 18:20:07', '2025-06-02 18:20:07'),
(8, '', NULL, '', '', '', '', '', 13, 2, '2025-06-03 19:05:45', '2025-06-03 19:05:45'),
(9, 'S/D', NULL, 'S/d', '', 'S/D', 'S/D', 'S/D', 14, 2, '2025-06-16 15:59:53', '2025-06-16 15:59:53'),
(10, '', NULL, '', '', '', '', '', 15, 2, '2025-06-21 20:05:08', '2025-06-21 20:05:08'),
(11, '', NULL, '', '', '', '', '', 17, 2, '2025-06-21 20:29:22', '2025-06-21 20:29:22'),
(12, '', NULL, '', '', '', '', '', 18, 2, '2025-06-21 20:41:15', '2025-06-21 20:41:15'),
(13, '', NULL, '', '', '', '', '', 19, 2, '2025-06-21 20:44:28', '2025-06-21 20:44:28'),
(14, '', NULL, '', '', '', '', '', 20, 2, '2025-06-21 20:46:10', '2025-06-21 20:46:10'),
(15, '', NULL, '', '', '', '', '', 22, 2, '2025-06-21 21:44:06', '2025-06-21 21:44:06');

-- --------------------------------------------------------

--
-- Estructura de tabla para la tabla `permisos`
--

CREATE TABLE `permisos` (
  `per_id` int(11) NOT NULL,
  `per_nombre` varchar(45) NOT NULL,
  `per_descripcion` varchar(255) DEFAULT NULL,
  `per_estatus` tinyint(4) DEFAULT 1,
  `per_fecha_creacion` timestamp NULL DEFAULT current_timestamp(),
  `per_fecha_actualizacion` timestamp NULL DEFAULT current_timestamp() ON UPDATE current_timestamp()
) ENGINE=InnoDB DEFAULT CHARSET=utf8mb3 COLLATE=utf8mb3_bin;

--
-- Volcado de datos para la tabla `permisos`
--

INSERT INTO `permisos` (`per_id`, `per_nombre`, `per_descripcion`, `per_estatus`, `per_fecha_creacion`, `per_fecha_actualizacion`) VALUES
(1, 'usuario.crear', '', 2, '2025-01-28 10:06:42', '2025-01-28 10:09:00'),
(2, 'usuario.editar', '', 2, '2025-01-28 10:06:42', '2025-01-28 10:09:00'),
(3, 'usuario.ver', '', 2, '2025-01-28 10:06:42', '2025-01-28 10:09:00'),
(4, 'expediente.leer', '', 2, '2025-01-28 10:06:42', '2025-01-28 10:09:00'),
(5, 'expediente.crear', '', 2, '2025-01-28 10:06:42', '2025-01-28 10:09:00'),
(6, 'expediente.editar', '', 2, '2025-01-28 10:06:42', '2025-01-28 10:09:00'),
(7, 'expediente.reportes.general', NULL, 2, '2025-02-10 01:42:01', '2025-02-10 01:42:01'),
(8, 'expediente.ver.todos', NULL, 1, '2025-02-10 01:43:01', '2025-02-10 01:43:01');

-- --------------------------------------------------------

--
-- Estructura de tabla para la tabla `personas_desaparecidas`
--

CREATE TABLE `personas_desaparecidas` (
  `prd_id` int(11) NOT NULL,
  `prd_alias` varchar(255) DEFAULT NULL,
  `prd_pseudonimo` varchar(255) DEFAULT NULL,
  `prd_nombre` varchar(255) DEFAULT NULL,
  `prd_apellido_paterno` varchar(255) DEFAULT NULL,
  `prd_apellido_materno` varchar(255) DEFAULT NULL,
  `prd_fecha_nacimiento` date DEFAULT NULL,
  `prd_curp` varchar(55) DEFAULT NULL,
  `prd_telefono` varchar(20) DEFAULT NULL,
  `prd_celular` varchar(20) DEFAULT NULL,
  `prd_celular_correo` varchar(255) DEFAULT NULL,
  `prd_direccion` longtext DEFAULT NULL,
  `prd_lugar_nacimiento` varchar(255) DEFAULT NULL,
  `prd_estado_civil` longtext DEFAULT NULL,
  `prd_sexo` varchar(255) DEFAULT NULL,
  `prd_genero` varchar(255) DEFAULT NULL,
  `prd_usa_lentes` varchar(10) DEFAULT NULL COMMENT '¿Usa lentes? (Si/No)',
  `prd_padece_enfermedad` varchar(10) DEFAULT NULL COMMENT '¿Padece alguna enfermedad? (Si/No)',
  `prd_nombre_enfermedad` varchar(255) DEFAULT NULL COMMENT 'Nombre de la enfermedad',
  `prd_estado_salud` varchar(255) DEFAULT NULL COMMENT 'Estado de salud',
  `prd_medicamento` varchar(255) DEFAULT NULL COMMENT 'Medicamento',
  `prd_tiene_adicciones` varchar(10) DEFAULT NULL COMMENT '¿Tiene adicciones? (Si/No)',
  `prd_especificar_adicciones` varchar(255) DEFAULT NULL COMMENT 'Especifíquela las adicciones',
  `prd_ingreso_separos` varchar(10) DEFAULT NULL COMMENT '¿Ingreso a separos y/o anexos? (Si/No)',
  `prd_nombre_anexo` varchar(255) DEFAULT NULL COMMENT 'Nómbrense del anexo o separos',
  `prd_fecha_ingreso_anexo` date DEFAULT NULL COMMENT 'Fecha de ingreso',
  `prd_comentarios_adicionales` text DEFAULT NULL COMMENT 'Comentarios adicionales',
  `prd_estatus` smallint(6) NOT NULL DEFAULT 2,
  `exp_id` int(11) DEFAULT NULL,
  `prd_fecha_creacion` timestamp NULL DEFAULT current_timestamp(),
  `prd_fecha_actualizacion` timestamp NULL DEFAULT current_timestamp() ON UPDATE current_timestamp()
) ENGINE=InnoDB DEFAULT CHARSET=utf8mb3 COLLATE=utf8mb3_bin;

--
-- Volcado de datos para la tabla `personas_desaparecidas`
--

INSERT INTO `personas_desaparecidas` (`prd_id`, `prd_alias`, `prd_pseudonimo`, `prd_nombre`, `prd_apellido_paterno`, `prd_apellido_materno`, `prd_fecha_nacimiento`, `prd_curp`, `prd_telefono`, `prd_celular`, `prd_celular_correo`, `prd_direccion`, `prd_lugar_nacimiento`, `prd_estado_civil`, `prd_sexo`, `prd_genero`, `prd_usa_lentes`, `prd_padece_enfermedad`, `prd_nombre_enfermedad`, `prd_estado_salud`, `prd_medicamento`, `prd_tiene_adicciones`, `prd_especificar_adicciones`, `prd_ingreso_separos`, `prd_nombre_anexo`, `prd_fecha_ingreso_anexo`, `prd_comentarios_adicionales`, `prd_estatus`, `exp_id`, `prd_fecha_creacion`, `prd_fecha_actualizacion`) VALUES
(2, '', '', 'Alejandro Ivan', '', 'Mendieta Acevedo', '0000-00-00', '', '', '', '', '', '', '', '', '', 'No', 'No', 'N/A', '', 'Ninguno', 'No', 'N/A', 'Sí', 'N/A', '0000-00-00', 'Sin comentarios adicionales.', 2, 3, '2025-03-17 20:13:32', '2025-03-17 20:13:32'),
(3, '', '', 'Alejandro Ivan', '', 'Mendieta Acevedo', '0000-00-00', '', '', '', '', '', '', '', '', '', 'No', 'No', 'N/A', '', 'Ninguno', 'No', 'N/A', 'Sí', 'N/A', '0000-00-00', 'Sin comentarios adicionales.', 2, 4, '2025-03-17 21:06:19', '2025-03-17 21:06:19'),
(4, '', '', 'Alejandro Ivan', '', 'Mendieta Acevedo', '0000-00-00', '', '', '', '', '', '', '', '', '', 'No', 'No', 'N/A', '', 'Ninguno', 'No', 'N/A', 'Sí', 'N/A', '0000-00-00', 'Sin comentarios adicionales.', 2, 5, '2025-03-17 21:21:51', '2025-03-17 21:21:51'),
(5, '', '', 'Alvaro', 'Felipe', '', '2025-03-06', '', '', '', '', '', '', '', '', '', 'No', 'No', 'N/A', '', 'Ninguno', 'No', 'N/A', 'No', 'N/A', '0000-00-00', 'Sin comentarios adicionales.', 2, 7, '2025-03-31 17:17:46', '2025-03-31 17:17:46'),
(6, '', 'No tiene', 'Antonio de Jesús', 'De La Rosa ', 'Soriano', '1988-11-26', 'ROSA881126HSPSRN03', '4581276185', '', 'camicsrrillo@gmail.com', 'Calle Benito Juárez #1 Zacatón, Villa de Ramos.', 'Monterrey, Nuevo León ', 'casado', 'masculino', 'masculino', 'Sí', 'Sí', 'Ansiedad', 'Regular', 'Ninguno', 'No', 'N/A', 'No', 'N/A', '0000-00-00', 'Sin comentarios adicionales.', 2, 8, '2025-04-14 19:01:28', '2025-04-14 19:47:16'),
(7, '', '', '', '', '', '0000-00-00', '', '', '', '', '', '', '', '', '', 'No', 'No', 'N/A', '', 'Ninguno', 'No', 'N/A', 'No', 'N/A', '0000-00-00', 'Sin comentarios adicionales.', 2, 10, '2025-04-14 19:37:20', '2025-04-14 19:37:20'),
(8, '', 'No tiene', 'pricila hernandez', 'De La Rosa ', 'Soriano', '1988-11-26', 'ROSA881126HSPSRN03', '4581276185', '', 'camicsrrillo@gmail.com', 'Calle Benito Juárez #1 Zacatón, Villa de Ramos.', 'san luis potosi', 'casado', 'masculino', 'masculino', 'Sí', 'Sí', 'Ansiedad', 'Regular', 'Ninguno', 'No', 'N/A', 'Sí', 'N/A', '0000-00-00', 'Sin comentarios adicionales.', 2, 13, '2025-04-14 20:20:41', '2025-04-14 20:20:41'),
(9, '', 'Mauricio ', 'Mauricio ', 'Monjaras', 'Martínez ', '1972-10-22', '', 'Lo desconoce', '', 'Lo desconoce ', 'Calle sitio de Cuautla 170 colonia santa fe , San Luis Potosí, S.L.P.', 'San Luis Potosí ', 'union_libre', 'masculino', 'masculino', 'No', 'No', 'N/A', 'Bueno ', 'Ninguno', 'No', 'N/A', 'No', 'N/A', '0000-00-00', 'Sin comentarios adicionales.', 2, 15, '2025-04-14 21:06:42', '2025-04-14 21:06:42'),
(10, '', '', '', '', '', '0000-00-00', '', '', '', '', '', '', '', '', '', 'No', 'No', 'N/A', '', 'Ninguno', 'No', 'N/A', 'No', 'N/A', '0000-00-00', 'Sin comentarios adicionales.', 2, 29, '2025-05-09 23:12:41', '2025-05-09 23:12:41'),
(11, '', 'Mauricio ', 'test', 'Bautista', 'Mendieta', '1972-10-22', '', 'Lo desconoce', '', 'Lo desconoce ', 'Calle sitio de Cuautla 170 colonia santa fe , San Luis Potosí, S.L.P.', 'San Luis Potosí ', 'union_libre', 'masculino', 'masculino', 'No', 'No', 'N/A', 'Bueno ', 'Ninguno', 'No', 'N/A', 'Sí', 'N/A', '0000-00-00', 'Sin comentarios adicionales.', 2, 35, '2025-06-02 17:52:38', '2025-06-02 18:04:39'),
(12, '', 'PERSONA', 'PERSONA', 'DESAPARECIDA', '01', '2000-01-01', 'HSJMXX001122RNR08', '55XXXX7890', '', 'CORREO@HOTMAIL.COM', 'MEXICO', 'MEXICO', 'casado', 'masculino', 'masculino', 'Sí', 'No', 'N/A', 'salud buena', 'Ninguno', 'No', 'N/A', 'No', 'N/A', '0000-00-00', 'Sin comentarios adicionales.', 2, 37, '2025-06-02 18:15:47', '2025-06-02 18:15:47'),
(13, '', '', '', '', '', '0000-00-00', '', '', '', '', '', '', '', '', '', 'No', 'No', 'N/A', '', 'Ninguno', 'No', 'N/A', 'No', 'N/A', '0000-00-00', 'Sin comentarios adicionales.', 2, 38, '2025-06-03 19:05:19', '2025-06-03 19:05:19'),
(14, '', '-', 'RODOLFO', 'MENDEZ', 'IBARRA', '1994-06-17', 'MEIR940617HGTNBD05', 'S/D', '', 'S/D', 'CALLE DEL CERRO, S/N, COLONIA CALVARIO, VILLA DE REYES, S.L.P.', 'GUANAJUATO, MÉXICO', 'union_libre', 'masculino', 'masculino', 'No', 'No', 'N/A', 'Bueno', 'Ninguno', 'No', 'N/A', 'No', 'N/A', '0000-00-00', 'Sin comentarios adicionales.', 2, 39, '2025-06-16 15:50:00', '2025-06-16 15:50:00'),
(15, '', '', '', '', '', '0000-00-00', '', '', '', '', '', '', '', '', '', 'No', 'No', 'N/A', '', 'Ninguno', 'No', 'N/A', 'No', 'N/A', '0000-00-00', 'Sin comentarios adicionales.', 2, 40, '2025-06-21 20:04:55', '2025-06-21 20:04:55'),
(16, '', '', '', '', '', '0000-00-00', '', '', '', '', '', '', '', '', '', 'No', 'No', 'N/A', '', 'Ninguno', 'No', 'N/A', 'No', 'N/A', '0000-00-00', 'Sin comentarios adicionales.', 2, 41, '2025-06-21 20:13:26', '2025-06-21 20:13:26'),
(17, '', '', '', '', '', '0000-00-00', '', '', '', '', '', '', '', '', '', 'No', 'No', 'N/A', '', 'Ninguno', 'No', 'N/A', 'No', 'N/A', '0000-00-00', 'Sin comentarios adicionales.', 2, 42, '2025-06-21 20:29:10', '2025-06-21 20:29:10'),
(18, '', '', '', '', '', '0000-00-00', '', '', '', '', '', '', '', '', '', 'No', 'No', 'N/A', '', 'Ninguno', 'No', 'N/A', 'No', 'N/A', '0000-00-00', 'Sin comentarios adicionales.', 2, 44, '2025-06-21 20:41:03', '2025-06-21 20:41:03'),
(19, '', '', '', '', '', '0000-00-00', '', '', '', '', '', '', '', '', '', 'No', 'No', 'N/A', '', 'Ninguno', 'No', 'N/A', 'No', 'N/A', '0000-00-00', 'Sin comentarios adicionales.', 2, 45, '2025-06-21 20:44:18', '2025-06-21 20:44:18'),
(20, '', '', '', '', '', '0000-00-00', '', '', '', '', '', '', '', '', '', 'No', 'No', 'N/A', '', 'Ninguno', 'No', 'N/A', 'Sí', 'N/A', '0000-00-00', 'Sin comentarios adicionales.', 2, 46, '2025-06-21 20:46:00', '2025-06-21 20:46:00'),
(21, '', '', '', '', '', '0000-00-00', '', '', '', '', '', '', '', '', '', 'No', 'No', 'N/A', '', 'Ninguno', 'No', 'N/A', 'No', 'N/A', '0000-00-00', 'Sin comentarios adicionales.', 2, 48, '2025-06-21 21:33:32', '2025-06-21 21:33:32'),
(22, '', '', '', '', '', '0000-00-00', '', '', '', '', '', '', '', '', '', 'No', 'No', 'N/A', '', 'Ninguno', 'No', 'N/A', 'No', 'N/A', '0000-00-00', 'Sin comentarios adicionales.', 2, 49, '2025-06-21 21:43:53', '2025-06-21 21:43:53');

-- --------------------------------------------------------

--
-- Estructura de tabla para la tabla `relacion_sentimentales`
--

CREATE TABLE `relacion_sentimentales` (
  `rss_id` int(11) NOT NULL,
  `rss_persona_nombre` varchar(255) DEFAULT NULL,
  `rss_persona_apellido_p` varchar(255) DEFAULT NULL,
  `rss_persona_apellido_m` varchar(255) DEFAULT NULL,
  `rss_fecha_nacimiento` date DEFAULT NULL,
  `rss_telefono` varchar(45) DEFAULT NULL,
  `rss_estado_civil` varchar(45) DEFAULT NULL,
  `rss_estatus` smallint(6) DEFAULT 2,
  `prd_id` int(11) DEFAULT NULL,
  `rss_fecha_creacion` timestamp NULL DEFAULT current_timestamp(),
  `rss_fecha_actualizacion` timestamp NULL DEFAULT current_timestamp() ON UPDATE current_timestamp()
) ENGINE=InnoDB DEFAULT CHARSET=utf8mb3 COLLATE=utf8mb3_bin;

--
-- Volcado de datos para la tabla `relacion_sentimentales`
--

INSERT INTO `relacion_sentimentales` (`rss_id`, `rss_persona_nombre`, `rss_persona_apellido_p`, `rss_persona_apellido_m`, `rss_fecha_nacimiento`, `rss_telefono`, `rss_estado_civil`, `rss_estatus`, `prd_id`, `rss_fecha_creacion`, `rss_fecha_actualizacion`) VALUES
(2, 'Reyna Judith ', 'Carrillo', 'Marchanth', '2000-01-12', '4581096313', 'casado', 2, 6, '2025-04-14 19:14:01', '2025-04-14 20:07:17'),
(3, '', '', '', '2000-01-12', '', '', 2, 7, '2025-04-14 19:38:16', '2025-04-14 19:38:16'),
(4, 'Reyna Judith ', 'Carrillo', 'Marchanth', '2000-01-12', '4581096313', 'casado', 2, 8, '2025-04-14 20:21:36', '2025-04-14 20:21:36'),
(5, '', '', '', '2000-01-12', '', '', 2, 10, '2025-05-09 23:13:10', '2025-05-09 23:13:10'),
(6, '', '', '', '2000-01-12', '', '', 2, 11, '2025-06-02 17:52:56', '2025-06-02 17:52:56'),
(7, '', '', '', '2000-01-12', '', '', 2, 12, '2025-06-02 18:21:12', '2025-06-02 18:21:12'),
(8, '', '', '', '2000-01-12', '', '', 2, 13, '2025-06-03 19:05:58', '2025-06-03 19:05:58'),
(9, 'S/D', 'S/D', 'S/D', '2000-01-12', '', 'S/D', 2, 14, '2025-06-16 16:01:43', '2025-06-16 16:01:43'),
(10, 'Alejandro Ivan', 'Mcclure', 'Mendieta Acevedo', '2000-01-12', '2214064130', 'casado', 2, 15, '2025-06-21 20:05:23', '2025-06-21 20:05:23'),
(11, '', '', '', '2000-01-12', '', '', 2, 17, '2025-06-21 20:29:26', '2025-06-21 20:29:26'),
(12, '', '', '', '2000-01-12', '', '', 2, 18, '2025-06-21 20:41:20', '2025-06-21 20:41:20'),
(13, '', '', '', '2000-01-12', '', '', 2, 19, '2025-06-21 20:44:32', '2025-06-21 20:44:32'),
(14, '', '', '', '2000-01-12', '', '', 2, 20, '2025-06-21 20:46:14', '2025-06-21 20:46:14'),
(15, '', '', '', '2000-01-12', '', '', 2, 22, '2025-06-21 21:44:11', '2025-06-21 21:44:11');

-- --------------------------------------------------------

--
-- Estructura de tabla para la tabla `reporteros`
--

CREATE TABLE `reporteros` (
  `rep_id` bigint(20) NOT NULL,
  `rep_nombre` varchar(255) DEFAULT NULL,
  `rep_apellido_paterno` varchar(255) DEFAULT NULL,
  `rep_apellido_materno` varchar(255) DEFAULT NULL,
  `rep_correo_electronico` varchar(255) DEFAULT NULL,
  `rep_telefono` varchar(55) DEFAULT NULL,
  `rep_fecha_nacimiento` date DEFAULT NULL,
  `rep_curp` varchar(20) DEFAULT NULL,
  `rep_relacion_persona_des` varchar(255) DEFAULT NULL COMMENT 'relacion con la persona desaparecida',
  `rep_identificacion` varchar(255) DEFAULT NULL,
  `rep_lugar_nacimiento` longtext DEFAULT NULL,
  `rep_direccion` longtext DEFAULT NULL,
  `rep_estado_civil` longtext DEFAULT NULL,
  `rep_ocupacion` longtext DEFAULT NULL COMMENT 'ocupacion reportante',
  `exp_id` int(11) NOT NULL,
  `rep_estatus` smallint(6) NOT NULL DEFAULT 2,
  `rep_fecha_creacion` timestamp NULL DEFAULT current_timestamp(),
  `rep_fecha_actualizacion` timestamp NULL DEFAULT current_timestamp() ON UPDATE current_timestamp(),
  `rep_adicional_telefono` varchar(20) DEFAULT NULL
) ENGINE=InnoDB DEFAULT CHARSET=utf8mb3 COLLATE=utf8mb3_bin;

--
-- Volcado de datos para la tabla `reporteros`
--

INSERT INTO `reporteros` (`rep_id`, `rep_nombre`, `rep_apellido_paterno`, `rep_apellido_materno`, `rep_correo_electronico`, `rep_telefono`, `rep_fecha_nacimiento`, `rep_curp`, `rep_relacion_persona_des`, `rep_identificacion`, `rep_lugar_nacimiento`, `rep_direccion`, `rep_estado_civil`, `rep_ocupacion`, `exp_id`, `rep_estatus`, `rep_fecha_creacion`, `rep_fecha_actualizacion`, `rep_adicional_telefono`) VALUES
(5, 'Freddy', 'Vega', '', '', '2214064130', '2000-01-01', '', 'familiar', 'ine', '', 'La Paz, Bolivia', 'comprometido', 'CEO', 7, 2, '2025-03-31 15:25:47', '2025-03-31 15:25:47', NULL),
(6, 'Reyna Judith ', 'Carrillo', 'Marchanth', '', '4581096313', '1993-03-29', '', 'familiar', 'ine', '', 'calle Benito Juárez #1, Zacatón, Villa de Ramos, S.L.P.  ', 'casado', 'Empleada', 8, 2, '2025-04-14 18:45:01', '2025-04-14 20:07:05', NULL),
(7, 'prueba 01', '', '', '', '', '2000-01-01', '', '.', '', '', '', '', '', 10, 2, '2025-04-14 19:27:58', '2025-04-14 19:27:58', NULL),
(8, 'angel', 'sanchez', 'Marchanth', '', '4581096313', '1999-03-29', '', 'familiar', 'ine', '', 'calle Benito Juárez #1, Zacatón, Villa de Ramos, S.L.P.  ', 'casado', 'Empleado', 13, 2, '2025-04-14 20:19:57', '2025-04-14 20:19:57', NULL),
(9, 'Esteban Monjaras Silva', '', '', '', '', '1939-01-01', '', 'familiar', 'ine', '', '', 'union_libre', 'Pensionado', 15, 2, '2025-04-14 20:50:32', '2025-04-14 20:55:36', NULL),
(10, 'Esteban Monjaras Silva', '', '', '', '', '1939-01-01', '', 'familiar', 'ine', '', '', 'union_libre', 'Pensionado', 19, 2, '2025-05-05 02:56:54', '2025-05-05 02:56:54', NULL),
(11, 'Esteban Monjaras Silva', '', '', '', '', '1939-01-01', '', 'familiar', 'ine', '', '', 'union_libre', 'Pensionado', 20, 2, '2025-05-05 02:58:53', '2025-05-05 02:58:53', NULL),
(12, '', '', '', '', '', '2005-12-05', '', '', '', '', '', '', '', 28, 2, '2025-05-05 04:34:30', '2025-05-05 04:34:30', NULL),
(13, '', '', '', '', '', '2000-01-01', '', '', '', '', '', '', '', 29, 2, '2025-05-09 23:12:35', '2025-05-09 23:12:35', NULL),
(14, '', '', '', '', '', '2000-01-01', '', '', '', '', '', '', '', 35, 2, '2025-06-02 17:52:36', '2025-06-02 17:52:36', NULL),
(15, 'persona 01', 'H', 'S', '', '5564504213', '1999-09-11', '', 'FAMILIAR', 'ine', '', 'MEXICO 56600', 'soltero', 'ESTUDIANTE', 37, 2, '2025-06-02 18:11:59', '2025-06-02 18:11:59', NULL),
(16, '', '', '', '', '', '2000-01-01', '', '', '', '', '', '', '', 38, 2, '2025-06-03 19:05:08', '2025-06-03 19:05:08', NULL),
(17, 'MAYRA LETICIA', 'CIBRIAN', 'ROCHA', '', '4851510908', '1994-01-27', '', 'Esposa', 'ine', '', 'Calle del Cerro, s/n, Colonia Calvario, Villa de Reyes, S.L.P.', 'union_libre', 'Ama de casa', 39, 2, '2025-06-16 15:45:16', '2025-06-16 15:45:16', NULL),
(18, '', '', '', '', '', '2000-01-01', '', '', '', '', '', '', '', 40, 2, '2025-06-21 20:01:21', '2025-06-21 20:01:21', NULL),
(19, '', '', '', '', '', '2000-01-01', '', '', '', '', '', '', '', 41, 2, '2025-06-21 20:13:23', '2025-06-21 20:13:23', NULL),
(20, '', '', '', '', '', '2000-01-01', '', '', '', '', '', '', '', 42, 2, '2025-06-21 20:29:08', '2025-06-21 20:29:08', NULL),
(21, '', '', '', '', '', '2000-01-01', '', '', '', '', '', '', '', 43, 2, '2025-06-21 20:33:07', '2025-06-21 20:33:07', NULL),
(22, '', '', '', '', '', '2000-01-01', '', '', '', '', '', '', '', 44, 2, '2025-06-21 20:41:01', '2025-06-21 20:41:01', NULL),
(23, '', '', '', '', '', '2000-01-01', '', '', '', '', '', '', '', 45, 2, '2025-06-21 20:44:16', '2025-06-21 20:44:16', NULL),
(24, '', '', '', '', '', '2000-01-01', '', '', '', '', '', '', '', 46, 2, '2025-06-21 20:45:58', '2025-06-21 20:45:58', NULL),
(26, 'Juan', 'Martinez', 'Gonzalez', 'juan.martinez@example.com', '5551234567', '1980-01-15', 'MAGJ800115HDFXXX09', 'Hijo', 'ID-456789', 'Ciudad de México', 'Calle Falsa 123, CDMX', 'Soltero', 'Ingeniero', 3, 2, '2025-06-21 21:25:24', '2025-06-21 21:25:24', '2214098759'),
(27, '', '', '', '', '', '2000-01-01', '', '', '', '', '', '', '', 48, 2, '2025-06-21 21:33:29', '2025-06-21 21:33:29', '5342454353'),
(28, '', '', '', '', '', '2000-01-01', '', '', '', '', '', '', '', 49, 2, '2025-06-21 21:43:49', '2025-06-21 21:43:49', '');

-- --------------------------------------------------------

--
-- Estructura de tabla para la tabla `roles`
--

CREATE TABLE `roles` (
  `rol_id` int(11) NOT NULL,
  `rol_nombre` varchar(45) NOT NULL,
  `rol_descripcion` varchar(255) DEFAULT NULL,
  `rol_estatus` tinyint(4) DEFAULT 2,
  `rol_fecha_creacion` timestamp NULL DEFAULT current_timestamp(),
  `rol_fecha_actualizacion` timestamp NULL DEFAULT current_timestamp() ON UPDATE current_timestamp()
) ENGINE=InnoDB DEFAULT CHARSET=utf8mb3 COLLATE=utf8mb3_bin;

--
-- Volcado de datos para la tabla `roles`
--

INSERT INTO `roles` (`rol_id`, `rol_nombre`, `rol_descripcion`, `rol_estatus`, `rol_fecha_creacion`, `rol_fecha_actualizacion`) VALUES
(1, 'SUPER ADMIN', 'SUPER ADMIN', 2, '2025-01-28 09:53:15', '2025-01-28 09:53:35'),
(2, 'ADMIN', 'ADMIN', 2, '2025-01-28 09:53:15', '2025-01-28 09:53:35'),
(3, 'CAPTURISTAS', 'CAPTURISTAS', 2, '2025-01-28 09:53:15', '2025-01-28 09:53:35'),
(4, 'ANALISTA', 'ANALISTA', 2, '2025-01-28 09:53:15', '2025-01-28 09:53:35');

-- --------------------------------------------------------

--
-- Estructura de tabla para la tabla `roles_permisos_rel`
--

CREATE TABLE `roles_permisos_rel` (
  `rpl_id` int(11) NOT NULL,
  `rol_id` int(11) NOT NULL,
  `per_id` int(11) NOT NULL,
  `rpl_fecha_asignacion` timestamp NULL DEFAULT current_timestamp()
) ENGINE=InnoDB DEFAULT CHARSET=utf8mb3 COLLATE=utf8mb3_bin;

--
-- Volcado de datos para la tabla `roles_permisos_rel`
--

INSERT INTO `roles_permisos_rel` (`rpl_id`, `rol_id`, `per_id`, `rpl_fecha_asignacion`) VALUES
(1, 1, 1, '2025-01-28 10:14:46'),
(2, 1, 2, '2025-01-28 10:14:46'),
(3, 1, 3, '2025-01-28 10:14:46'),
(4, 1, 4, '2025-01-28 10:14:46'),
(5, 1, 5, '2025-01-28 10:14:46'),
(6, 1, 6, '2025-01-28 10:14:46'),
(7, 3, 4, '2025-02-10 01:40:50'),
(8, 3, 5, '2025-02-10 01:40:50'),
(9, 3, 6, '2025-02-10 01:40:50'),
(10, 1, 7, '2025-02-10 01:42:15'),
(11, 1, 8, '2025-02-10 01:43:07');

-- --------------------------------------------------------

--
-- Estructura de tabla para la tabla `servicios_medicos`
--

CREATE TABLE `servicios_medicos` (
  `sem_id` int(11) NOT NULL,
  `sem_cuenta_servicio` varchar(15) NOT NULL DEFAULT '0' COMMENT '1 = Sí, 0 = No',
  `sem_tipo` varchar(255) DEFAULT NULL COMMENT 'Ej: Privado, Público, etc.',
  `sem_numero_filiacion` varchar(255) DEFAULT NULL COMMENT 'Número de filiación',
  `prd_id` int(11) DEFAULT NULL,
  `sem_estatus` smallint(6) NOT NULL DEFAULT 2,
  `sem_fecha_creacion` timestamp NULL DEFAULT current_timestamp(),
  `sem_fecha_actualizacion` timestamp NULL DEFAULT current_timestamp() ON UPDATE current_timestamp()
) ENGINE=InnoDB DEFAULT CHARSET=utf8mb3 COLLATE=utf8mb3_bin;

--
-- Volcado de datos para la tabla `servicios_medicos`
--

INSERT INTO `servicios_medicos` (`sem_id`, `sem_cuenta_servicio`, `sem_tipo`, `sem_numero_filiacion`, `prd_id`, `sem_estatus`, `sem_fecha_creacion`, `sem_fecha_actualizacion`) VALUES
(2, 'SI', '', '', 6, 2, '2025-04-14 19:17:49', '2025-04-14 19:17:49'),
(3, 'NO', '', '', 7, 2, '2025-04-14 19:38:27', '2025-04-14 19:38:27'),
(4, 'SI', '', '', 8, 2, '2025-04-14 20:21:50', '2025-04-14 20:21:50'),
(5, 'NO', '', '', 10, 2, '2025-05-09 23:13:16', '2025-05-09 23:13:16'),
(6, 'NO', '', '', 11, 2, '2025-06-02 17:53:01', '2025-06-02 17:53:01'),
(7, 'SI', '', '', 12, 2, '2025-06-02 18:21:28', '2025-06-02 18:21:28'),
(8, 'NO', '', '', 13, 2, '2025-06-03 19:06:04', '2025-06-03 19:06:04'),
(9, 'SI', '', '', 14, 2, '2025-06-16 16:05:55', '2025-06-16 16:05:55'),
(10, 'NO', '', '', 15, 2, '2025-06-21 20:05:36', '2025-06-21 20:05:36'),
(11, 'NO', '', '', 17, 2, '2025-06-21 20:29:31', '2025-06-21 20:29:31'),
(12, 'NO', '', '', 18, 2, '2025-06-21 20:41:27', '2025-06-21 20:41:27'),
(13, 'NO', '', '', 19, 2, '2025-06-21 20:44:37', '2025-06-21 20:44:37'),
(14, 'NO', '', '', 20, 2, '2025-06-21 20:46:18', '2025-06-21 20:46:18'),
(15, 'NO', '', '', 22, 2, '2025-06-21 21:44:17', '2025-06-21 21:44:17');

-- --------------------------------------------------------

--
-- Estructura de tabla para la tabla `usuario_roles_rel`
--

CREATE TABLE `usuario_roles_rel` (
  `urr_id` int(11) NOT NULL,
  `usu_id` int(11) NOT NULL,
  `rol_id` int(11) NOT NULL,
  `urr_fecha_asignacion` timestamp NULL DEFAULT current_timestamp()
) ENGINE=InnoDB DEFAULT CHARSET=utf8mb3 COLLATE=utf8mb3_bin;

--
-- Volcado de datos para la tabla `usuario_roles_rel`
--

INSERT INTO `usuario_roles_rel` (`urr_id`, `usu_id`, `rol_id`, `urr_fecha_asignacion`) VALUES
(1, 1, 1, '2025-01-28 09:57:13'),
(2, 2, 2, '2025-01-28 09:57:13'),
(3, 3, 3, '2025-01-28 09:57:13'),
(8, 8, 3, '2025-02-10 01:23:54'),
(9, 9, 3, '2025-02-10 01:23:54'),
(10, 10, 2, '2025-02-10 01:23:54'),
(11, 11, 3, '2025-02-10 01:23:54'),
(12, 12, 3, '2025-02-10 01:23:54'),
(13, 13, 3, '2025-02-10 01:23:54'),
(14, 14, 3, '2025-02-10 01:23:54'),
(15, 15, 3, '2025-02-10 01:23:54'),
(16, 16, 3, '2025-02-10 01:23:54'),
(17, 17, 3, '2025-02-10 01:23:54'),
(18, 18, 3, '2025-02-10 01:23:54'),
(19, 19, 3, '2025-02-10 01:23:54'),
(20, 20, 3, '2025-02-10 01:23:54'),
(21, 21, 3, '2025-02-10 01:23:54'),
(22, 22, 3, '2025-02-10 01:23:54'),
(23, 23, 3, '2025-02-10 01:23:54'),
(24, 24, 3, '2025-02-10 01:23:54'),
(25, 25, 3, '2025-02-10 01:23:54'),
(26, 26, 3, '2025-02-10 01:23:54'),
(27, 27, 3, '2025-02-10 01:23:54'),
(28, 28, 3, '2025-02-10 01:23:54'),
(29, 29, 3, '2025-02-10 01:23:54'),
(30, 30, 3, '2025-02-10 01:23:54'),
(31, 31, 3, '2025-02-10 01:23:54'),
(32, 32, 3, '2025-02-10 01:23:54'),
(33, 33, 3, '2025-02-10 01:23:54'),
(34, 34, 3, '2025-02-10 01:23:54'),
(35, 35, 3, '2025-02-10 01:23:54'),
(36, 36, 3, '2025-02-10 01:23:54'),
(37, 37, 3, '2025-02-10 01:23:54'),
(38, 38, 3, '2025-02-10 01:23:54'),
(39, 39, 3, '2025-02-10 01:23:54'),
(40, 40, 3, '2025-02-10 01:23:54'),
(41, 41, 3, '2025-02-10 01:23:54'),
(42, 42, 3, '2025-02-10 01:23:54'),
(43, 43, 3, '2025-02-10 01:23:54'),
(44, 44, 3, '2025-02-10 01:23:54'),
(45, 45, 3, '2025-02-10 01:23:54'),
(46, 46, 3, '2025-02-10 01:23:54'),
(47, 47, 3, '2025-02-10 01:23:54'),
(48, 48, 3, '2025-02-10 01:23:54'),
(49, 49, 3, '2025-02-10 01:23:54'),
(50, 50, 3, '2025-02-10 01:23:54'),
(51, 51, 3, '2025-02-10 01:23:54'),
(52, 52, 3, '2025-02-10 01:23:54'),
(53, 53, 3, '2025-02-10 01:23:54'),
(54, 54, 3, '2025-02-10 01:23:54'),
(55, 55, 3, '2025-02-10 01:23:54'),
(56, 56, 3, '2025-02-10 01:23:54'),
(57, 57, 3, '2025-02-10 01:23:54'),
(58, 58, 3, '2025-02-10 01:23:54'),
(59, 59, 3, '2025-02-10 01:23:54'),
(60, 60, 3, '2025-02-10 01:23:54'),
(61, 61, 3, '2025-02-10 01:23:54'),
(62, 62, 3, '2025-02-10 01:23:54'),
(63, 63, 3, '2025-02-10 01:23:54'),
(64, 64, 3, '2025-02-10 01:23:54'),
(65, 65, 3, '2025-02-10 01:23:54'),
(66, 66, 3, '2025-02-10 01:23:54'),
(67, 67, 3, '2025-02-10 01:23:54'),
(68, 68, 3, '2025-02-10 01:23:54'),
(69, 69, 3, '2025-02-10 01:23:54'),
(70, 70, 3, '2025-02-10 01:23:54'),
(71, 71, 3, '2025-02-10 01:23:54'),
(72, 72, 3, '2025-02-10 01:23:54'),
(73, 73, 3, '2025-02-10 01:23:54'),
(74, 74, 3, '2025-02-10 01:23:54'),
(75, 75, 3, '2025-02-10 01:23:54'),
(76, 76, 3, '2025-02-10 01:23:54'),
(77, 77, 3, '2025-02-10 01:23:54'),
(78, 78, 3, '2025-02-10 01:23:54'),
(79, 79, 3, '2025-02-10 01:23:54'),
(80, 80, 3, '2025-02-10 01:23:54'),
(81, 81, 3, '2025-02-10 01:23:54'),
(82, 82, 3, '2025-02-10 01:23:54'),
(83, 83, 3, '2025-02-10 01:23:54'),
(84, 84, 3, '2025-02-10 01:23:54'),
(85, 85, 3, '2025-02-10 01:23:54'),
(86, 86, 3, '2025-02-10 01:23:54'),
(87, 87, 4, '2025-05-02 01:53:24'),
(88, 88, 4, '2025-05-02 01:58:22'),
(89, 89, 4, '2025-05-02 02:16:05'),
(90, 90, 4, '2025-05-02 05:18:42'),
(91, 91, 4, '2025-05-05 17:51:22'),
(92, 92, 4, '2025-05-05 17:53:16'),
(93, 93, 4, '2025-05-05 18:00:00'),
(94, 94, 4, '2025-05-05 18:03:06'),
(95, 95, 3, '2025-05-05 18:07:11'),
(96, 96, 3, '2025-05-05 18:10:58'),
(97, 97, 4, '2025-05-05 18:13:40'),
(98, 98, 3, '2025-05-05 18:21:02'),
(99, 99, 4, '2025-05-05 18:21:31'),
(100, 100, 1, '2025-06-02 18:02:16');

-- --------------------------------------------------------

--
-- Estructura de tabla para la tabla `vehiculos_involucrados`
--

CREATE TABLE `vehiculos_involucrados` (
  `vio_id` int(11) NOT NULL,
  `vio_marca` varchar(255) DEFAULT NULL,
  `vio_sub_marca` varchar(255) DEFAULT NULL,
  `vio_placas` varchar(255) DEFAULT NULL,
  `vio_modelo` varchar(255) DEFAULT NULL,
  `vio_color` varchar(255) DEFAULT NULL,
  `vio_tipo_vehiculo` varchar(255) DEFAULT NULL,
  `vio_uso_vehiculo` varchar(255) DEFAULT NULL,
  `vio_relacion_persona_desaparecida` text DEFAULT NULL,
  `prd_id` int(11) NOT NULL,
  `vio_estatus` smallint(6) DEFAULT 2,
  `vio_fecha_creacion` timestamp NULL DEFAULT current_timestamp(),
  `vio_fecha_actualizacion` timestamp NULL DEFAULT current_timestamp() ON UPDATE current_timestamp()
) ENGINE=InnoDB DEFAULT CHARSET=utf8mb3 COLLATE=utf8mb3_bin;

--
-- Volcado de datos para la tabla `vehiculos_involucrados`
--

INSERT INTO `vehiculos_involucrados` (`vio_id`, `vio_marca`, `vio_sub_marca`, `vio_placas`, `vio_modelo`, `vio_color`, `vio_tipo_vehiculo`, `vio_uso_vehiculo`, `vio_relacion_persona_desaparecida`, `prd_id`, `vio_estatus`, `vio_fecha_creacion`, `vio_fecha_actualizacion`) VALUES
(11, '', '', '', '', 'gris y blanca', 'camioneta', '', '', 6, 2, '2025-04-14 19:17:38', '2025-04-14 20:04:39'),
(12, '', '', '', '', '', '', '', '', 7, 2, '2025-04-14 19:38:25', '2025-04-14 19:38:25'),
(13, '', '', '', '', 'gris y blanca', 'camioneta', '', '', 8, 2, '2025-04-14 20:21:46', '2025-04-14 20:21:46'),
(14, '', '', '', '', '', '', '', '', 10, 2, '2025-05-09 23:13:13', '2025-05-09 23:13:13'),
(15, '', '', '', '', '', '', '', '', 11, 2, '2025-06-02 17:52:59', '2025-06-02 17:52:59'),
(16, '', '', '', '', '', '', '', '', 12, 2, '2025-06-02 18:21:23', '2025-06-02 18:21:23'),
(17, '', '', '', '', '', '', '', '', 13, 2, '2025-06-03 19:06:02', '2025-06-03 19:06:02'),
(18, '', '', '', '', '', '', '', '', 14, 2, '2025-06-16 16:05:47', '2025-06-16 16:05:47'),
(19, '', '', '', '', '', '', '', '', 15, 2, '2025-06-21 20:05:34', '2025-06-21 20:05:34'),
(20, '', '', '', '', '', '', '', '', 17, 2, '2025-06-21 20:29:29', '2025-06-21 20:29:29'),
(21, '', '', '', '', '', '', '', '', 18, 2, '2025-06-21 20:41:24', '2025-06-21 20:41:24'),
(22, '', '', '', '', '', '', '', '', 19, 2, '2025-06-21 20:44:35', '2025-06-21 20:44:35'),
(23, '', '', '', '', '', '', '', '', 20, 2, '2025-06-21 20:46:16', '2025-06-21 20:46:16'),
(24, '', '', '', '', '', '', '', '', 22, 2, '2025-06-21 21:44:15', '2025-06-21 21:44:15');

--
-- Índices para tablas volcadas
--

--
-- Indices de la tabla `antecendentes_desaparicion`
--
ALTER TABLE `antecendentes_desaparicion`
  ADD PRIMARY KEY (`adn_id`),
  ADD KEY `adn_prd_fk_idx` (`prd_id`);

--
-- Indices de la tabla `archivos_exp`
--
ALTER TABLE `archivos_exp`
  ADD PRIMARY KEY (`arc_id`);

--
-- Indices de la tabla `archivos_prd`
--
ALTER TABLE `archivos_prd`
  ADD PRIMARY KEY (`arc_id`);

--
-- Indices de la tabla `categorias_archivos`
--
ALTER TABLE `categorias_archivos`
  ADD PRIMARY KEY (`cat_id`);

--
-- Indices de la tabla `enfoque_diferenciados`
--
ALTER TABLE `enfoque_diferenciados`
  ADD PRIMARY KEY (`eds_id`),
  ADD KEY `eds_prd_fk_idx` (`prd_id`);

--
-- Indices de la tabla `entrevistas_contextos`
--
ALTER TABLE `entrevistas_contextos`
  ADD PRIMARY KEY (`enc_id`),
  ADD KEY `enc_prd_fk_idx` (`prd_id`);

--
-- Indices de la tabla `escolaridad_activades`
--
ALTER TABLE `escolaridad_activades`
  ADD PRIMARY KEY (`eas_id`),
  ADD KEY `eas_prd_fk_idx` (`prd_id`);

--
-- Indices de la tabla `expedientes`
--
ALTER TABLE `expedientes`
  ADD PRIMARY KEY (`exp_id`),
  ADD KEY `exp_usu__fk_idx` (`usu_id_alta`),
  ADD KEY `exp_usu_actualizo_fk_idx` (`usu_id_actualizacion`),
  ADD KEY `exp_usu_cambio_estatus_fk_idx` (`usu_id_cambio_estatus`);

--
-- Indices de la tabla `exp_usu_rel`
--
ALTER TABLE `exp_usu_rel`
  ADD PRIMARY KEY (`eur_id`),
  ADD KEY `eur_usu_fk_idx` (`usu_id`),
  ADD KEY `eur_exp_fk_idx` (`exp_id`);

--
-- Indices de la tabla `instituciones_conocedoras`
--
ALTER TABLE `instituciones_conocedoras`
  ADD PRIMARY KEY (`ins_id`),
  ADD KEY `ins_prd_fk_idx` (`prd_id`);

--
-- Indices de la tabla `media_filiacion_bigotes`
--
ALTER TABLE `media_filiacion_bigotes`
  ADD PRIMARY KEY (`big_id`),
  ADD KEY `big_prd_id_idx` (`prd_id`);

--
-- Indices de la tabla `media_filiacion_cabellos`
--
ALTER TABLE `media_filiacion_cabellos`
  ADD PRIMARY KEY (`cab_id`),
  ADD KEY `cab_prd_fk_idx` (`prd_id`);

--
-- Indices de la tabla `media_filiacion_caras`
--
ALTER TABLE `media_filiacion_caras`
  ADD PRIMARY KEY (`mfc_id`),
  ADD KEY `mfc_prd_fk_idx` (`prd_id`);

--
-- Indices de la tabla `media_filiacion_cuerpos`
--
ALTER TABLE `media_filiacion_cuerpos`
  ADD PRIMARY KEY (`cpo_id`),
  ADD KEY `prd_fk_idx` (`prd_id`);

--
-- Indices de la tabla `media_filiacion_ojos`
--
ALTER TABLE `media_filiacion_ojos`
  ADD PRIMARY KEY (`mfo_id`),
  ADD KEY `mfo_prd_fk_idx` (`prd_id`);

--
-- Indices de la tabla `media_filiacion_vestimenta`
--
ALTER TABLE `media_filiacion_vestimenta`
  ADD PRIMARY KEY (`ves_id`),
  ADD KEY `_prd_fk_idx` (`prd_id`);

--
-- Indices de la tabla `medios_electronicos`
--
ALTER TABLE `medios_electronicos`
  ADD PRIMARY KEY (`med_id`),
  ADD KEY `med_prd_fk_idx` (`prd_id`);

--
-- Indices de la tabla `permisos`
--
ALTER TABLE `permisos`
  ADD PRIMARY KEY (`per_id`);

--
-- Indices de la tabla `personas_desaparecidas`
--
ALTER TABLE `personas_desaparecidas`
  ADD PRIMARY KEY (`prd_id`),
  ADD KEY `prd_exp_fk_idx` (`exp_id`);

--
-- Indices de la tabla `relacion_sentimentales`
--
ALTER TABLE `relacion_sentimentales`
  ADD PRIMARY KEY (`rss_id`),
  ADD KEY `rrs_prd_fk_idx` (`prd_id`);

--
-- Indices de la tabla `reporteros`
--
ALTER TABLE `reporteros`
  ADD PRIMARY KEY (`rep_id`),
  ADD KEY `rep_exp_fk_idx` (`exp_id`);

--
-- Indices de la tabla `roles`
--
ALTER TABLE `roles`
  ADD PRIMARY KEY (`rol_id`);

--
-- Indices de la tabla `roles_permisos_rel`
--
ALTER TABLE `roles_permisos_rel`
  ADD PRIMARY KEY (`rpl_id`),
  ADD KEY `fk_rpl_roles` (`rol_id`),
  ADD KEY `fk_rpl_permisos` (`per_id`);

--
-- Indices de la tabla `servicios_medicos`
--
ALTER TABLE `servicios_medicos`
  ADD PRIMARY KEY (`sem_id`),
  ADD KEY `sem_prd_fk_idx` (`prd_id`);

--
-- Indices de la tabla `usuario_roles_rel`
--
ALTER TABLE `usuario_roles_rel`
  ADD PRIMARY KEY (`urr_id`),
  ADD KEY `fk_usuario_roles_rel_usuarios` (`usu_id`),
  ADD KEY `fk_usuario_roles_rel_roles` (`rol_id`);

--
-- Indices de la tabla `vehiculos_involucrados`
--
ALTER TABLE `vehiculos_involucrados`
  ADD PRIMARY KEY (`vio_id`),
  ADD KEY `vio_prd_fk_idx` (`prd_id`);

--
-- AUTO_INCREMENT de las tablas volcadas
--

--
-- AUTO_INCREMENT de la tabla `antecendentes_desaparicion`
--
ALTER TABLE `antecendentes_desaparicion`
  MODIFY `adn_id` int(11) NOT NULL AUTO_INCREMENT, AUTO_INCREMENT=16;

--
-- AUTO_INCREMENT de la tabla `archivos_exp`
--
ALTER TABLE `archivos_exp`
  MODIFY `arc_id` bigint(20) NOT NULL AUTO_INCREMENT, AUTO_INCREMENT=22;

--
-- AUTO_INCREMENT de la tabla `archivos_prd`
--
ALTER TABLE `archivos_prd`
  MODIFY `arc_id` bigint(20) NOT NULL AUTO_INCREMENT;

--
-- AUTO_INCREMENT de la tabla `categorias_archivos`
--
ALTER TABLE `categorias_archivos`
  MODIFY `cat_id` bigint(20) NOT NULL AUTO_INCREMENT, AUTO_INCREMENT=6;

--
-- AUTO_INCREMENT de la tabla `enfoque_diferenciados`
--
ALTER TABLE `enfoque_diferenciados`
  MODIFY `eds_id` int(11) NOT NULL AUTO_INCREMENT, AUTO_INCREMENT=17;

--
-- AUTO_INCREMENT de la tabla `entrevistas_contextos`
--
ALTER TABLE `entrevistas_contextos`
  MODIFY `enc_id` int(11) NOT NULL AUTO_INCREMENT, AUTO_INCREMENT=15;

--
-- AUTO_INCREMENT de la tabla `escolaridad_activades`
--
ALTER TABLE `escolaridad_activades`
  MODIFY `eas_id` int(11) NOT NULL AUTO_INCREMENT, AUTO_INCREMENT=16;

--
-- AUTO_INCREMENT de la tabla `expedientes`
--
ALTER TABLE `expedientes`
  MODIFY `exp_id` int(11) NOT NULL AUTO_INCREMENT, AUTO_INCREMENT=50;

--
-- AUTO_INCREMENT de la tabla `exp_usu_rel`
--
ALTER TABLE `exp_usu_rel`
  MODIFY `eur_id` int(11) NOT NULL AUTO_INCREMENT, AUTO_INCREMENT=4;

--
-- AUTO_INCREMENT de la tabla `instituciones_conocedoras`
--
ALTER TABLE `instituciones_conocedoras`
  MODIFY `ins_id` int(11) NOT NULL AUTO_INCREMENT, AUTO_INCREMENT=16;

--
-- AUTO_INCREMENT de la tabla `media_filiacion_bigotes`
--
ALTER TABLE `media_filiacion_bigotes`
  MODIFY `big_id` bigint(20) NOT NULL AUTO_INCREMENT, AUTO_INCREMENT=19;

--
-- AUTO_INCREMENT de la tabla `media_filiacion_cabellos`
--
ALTER TABLE `media_filiacion_cabellos`
  MODIFY `cab_id` bigint(20) NOT NULL AUTO_INCREMENT, AUTO_INCREMENT=19;

--
-- AUTO_INCREMENT de la tabla `media_filiacion_caras`
--
ALTER TABLE `media_filiacion_caras`
  MODIFY `mfc_id` bigint(20) NOT NULL AUTO_INCREMENT, AUTO_INCREMENT=19;

--
-- AUTO_INCREMENT de la tabla `media_filiacion_cuerpos`
--
ALTER TABLE `media_filiacion_cuerpos`
  MODIFY `cpo_id` bigint(20) NOT NULL AUTO_INCREMENT, AUTO_INCREMENT=16;

--
-- AUTO_INCREMENT de la tabla `media_filiacion_ojos`
--
ALTER TABLE `media_filiacion_ojos`
  MODIFY `mfo_id` bigint(20) NOT NULL AUTO_INCREMENT, AUTO_INCREMENT=19;

--
-- AUTO_INCREMENT de la tabla `media_filiacion_vestimenta`
--
ALTER TABLE `media_filiacion_vestimenta`
  MODIFY `ves_id` bigint(20) NOT NULL AUTO_INCREMENT, AUTO_INCREMENT=16;

--
-- AUTO_INCREMENT de la tabla `medios_electronicos`
--
ALTER TABLE `medios_electronicos`
  MODIFY `med_id` bigint(20) NOT NULL AUTO_INCREMENT, AUTO_INCREMENT=16;

--
-- AUTO_INCREMENT de la tabla `permisos`
--
ALTER TABLE `permisos`
  MODIFY `per_id` int(11) NOT NULL AUTO_INCREMENT, AUTO_INCREMENT=9;

--
-- AUTO_INCREMENT de la tabla `personas_desaparecidas`
--
ALTER TABLE `personas_desaparecidas`
  MODIFY `prd_id` int(11) NOT NULL AUTO_INCREMENT, AUTO_INCREMENT=23;

--
-- AUTO_INCREMENT de la tabla `relacion_sentimentales`
--
ALTER TABLE `relacion_sentimentales`
  MODIFY `rss_id` int(11) NOT NULL AUTO_INCREMENT, AUTO_INCREMENT=16;

--
-- AUTO_INCREMENT de la tabla `reporteros`
--
ALTER TABLE `reporteros`
  MODIFY `rep_id` bigint(20) NOT NULL AUTO_INCREMENT, AUTO_INCREMENT=29;

--
-- AUTO_INCREMENT de la tabla `roles`
--
ALTER TABLE `roles`
  MODIFY `rol_id` int(11) NOT NULL AUTO_INCREMENT, AUTO_INCREMENT=11;

--
-- AUTO_INCREMENT de la tabla `roles_permisos_rel`
--
ALTER TABLE `roles_permisos_rel`
  MODIFY `rpl_id` int(11) NOT NULL AUTO_INCREMENT, AUTO_INCREMENT=12;

--
-- AUTO_INCREMENT de la tabla `servicios_medicos`
--
ALTER TABLE `servicios_medicos`
  MODIFY `sem_id` int(11) NOT NULL AUTO_INCREMENT, AUTO_INCREMENT=16;

--
-- AUTO_INCREMENT de la tabla `usuario_roles_rel`
--
ALTER TABLE `usuario_roles_rel`
  MODIFY `urr_id` int(11) NOT NULL AUTO_INCREMENT, AUTO_INCREMENT=101;

--
-- AUTO_INCREMENT de la tabla `vehiculos_involucrados`
--
ALTER TABLE `vehiculos_involucrados`
  MODIFY `vio_id` int(11) NOT NULL AUTO_INCREMENT, AUTO_INCREMENT=25;

--
-- Restricciones para tablas volcadas
--

--
-- Filtros para la tabla `antecendentes_desaparicion`
--
ALTER TABLE `antecendentes_desaparicion`
  ADD CONSTRAINT `adn_prd_fk` FOREIGN KEY (`prd_id`) REFERENCES `personas_desaparecidas` (`prd_id`);

--
-- Filtros para la tabla `enfoque_diferenciados`
--
ALTER TABLE `enfoque_diferenciados`
  ADD CONSTRAINT `eds_prd_fk` FOREIGN KEY (`prd_id`) REFERENCES `personas_desaparecidas` (`prd_id`);

--
-- Filtros para la tabla `entrevistas_contextos`
--
ALTER TABLE `entrevistas_contextos`
  ADD CONSTRAINT `enc_prd_fk` FOREIGN KEY (`prd_id`) REFERENCES `personas_desaparecidas` (`prd_id`);

--
-- Filtros para la tabla `escolaridad_activades`
--
ALTER TABLE `escolaridad_activades`
  ADD CONSTRAINT `eas_prd_fk` FOREIGN KEY (`prd_id`) REFERENCES `personas_desaparecidas` (`prd_id`);

--
-- Filtros para la tabla `expedientes`
--
ALTER TABLE `expedientes`
  ADD CONSTRAINT `exp_usu_actualizo_fk` FOREIGN KEY (`usu_id_actualizacion`) REFERENCES `usuarios` (`usu_id`),
  ADD CONSTRAINT `exp_usu_alta_fk` FOREIGN KEY (`usu_id_alta`) REFERENCES `usuarios` (`usu_id`),
  ADD CONSTRAINT `exp_usu_cambio_estatus_fk` FOREIGN KEY (`usu_id_cambio_estatus`) REFERENCES `usuarios` (`usu_id`);

--
-- Filtros para la tabla `exp_usu_rel`
--
ALTER TABLE `exp_usu_rel`
  ADD CONSTRAINT `eur_exp_fk` FOREIGN KEY (`exp_id`) REFERENCES `expedientes` (`exp_id`),
  ADD CONSTRAINT `eur_usu_fk` FOREIGN KEY (`usu_id`) REFERENCES `usuarios` (`usu_id`);

--
-- Filtros para la tabla `instituciones_conocedoras`
--
ALTER TABLE `instituciones_conocedoras`
  ADD CONSTRAINT `ins_prd_fk` FOREIGN KEY (`prd_id`) REFERENCES `personas_desaparecidas` (`prd_id`);

--
-- Filtros para la tabla `media_filiacion_bigotes`
--
ALTER TABLE `media_filiacion_bigotes`
  ADD CONSTRAINT `big_prd_id` FOREIGN KEY (`prd_id`) REFERENCES `personas_desaparecidas` (`prd_id`);

--
-- Filtros para la tabla `media_filiacion_cabellos`
--
ALTER TABLE `media_filiacion_cabellos`
  ADD CONSTRAINT `cab_prd_fk` FOREIGN KEY (`prd_id`) REFERENCES `personas_desaparecidas` (`prd_id`);

--
-- Filtros para la tabla `media_filiacion_caras`
--
ALTER TABLE `media_filiacion_caras`
  ADD CONSTRAINT `mfc_prd_fk` FOREIGN KEY (`prd_id`) REFERENCES `personas_desaparecidas` (`prd_id`);

--
-- Filtros para la tabla `media_filiacion_cuerpos`
--
ALTER TABLE `media_filiacion_cuerpos`
  ADD CONSTRAINT `cpo_prd_fk` FOREIGN KEY (`prd_id`) REFERENCES `personas_desaparecidas` (`prd_id`);

--
-- Filtros para la tabla `media_filiacion_ojos`
--
ALTER TABLE `media_filiacion_ojos`
  ADD CONSTRAINT `mfo_prd_fk` FOREIGN KEY (`prd_id`) REFERENCES `personas_desaparecidas` (`prd_id`);

--
-- Filtros para la tabla `media_filiacion_vestimenta`
--
ALTER TABLE `media_filiacion_vestimenta`
  ADD CONSTRAINT `ves_prd_fk` FOREIGN KEY (`prd_id`) REFERENCES `personas_desaparecidas` (`prd_id`);

--
-- Filtros para la tabla `medios_electronicos`
--
ALTER TABLE `medios_electronicos`
  ADD CONSTRAINT `med_prd_fk` FOREIGN KEY (`prd_id`) REFERENCES `personas_desaparecidas` (`prd_id`);

--
-- Filtros para la tabla `personas_desaparecidas`
--
ALTER TABLE `personas_desaparecidas`
  ADD CONSTRAINT `prd_exp_fk` FOREIGN KEY (`exp_id`) REFERENCES `expedientes` (`exp_id`);

--
-- Filtros para la tabla `relacion_sentimentales`
--
ALTER TABLE `relacion_sentimentales`
  ADD CONSTRAINT `rrs_prd_fk` FOREIGN KEY (`prd_id`) REFERENCES `personas_desaparecidas` (`prd_id`);

--
-- Filtros para la tabla `reporteros`
--
ALTER TABLE `reporteros`
  ADD CONSTRAINT `rep_exp_fk` FOREIGN KEY (`exp_id`) REFERENCES `expedientes` (`exp_id`);

--
-- Filtros para la tabla `roles_permisos_rel`
--
ALTER TABLE `roles_permisos_rel`
  ADD CONSTRAINT `fk_rpl_permisos` FOREIGN KEY (`per_id`) REFERENCES `permisos` (`per_id`) ON DELETE CASCADE ON UPDATE CASCADE,
  ADD CONSTRAINT `fk_rpl_roles` FOREIGN KEY (`rol_id`) REFERENCES `roles` (`rol_id`) ON DELETE CASCADE ON UPDATE CASCADE;

--
-- Filtros para la tabla `servicios_medicos`
--
ALTER TABLE `servicios_medicos`
  ADD CONSTRAINT `sem_prd_fk` FOREIGN KEY (`prd_id`) REFERENCES `personas_desaparecidas` (`prd_id`);

--
-- Filtros para la tabla `usuario_roles_rel`
--
ALTER TABLE `usuario_roles_rel`
  ADD CONSTRAINT `fk_usuario_roles_rel_roles` FOREIGN KEY (`rol_id`) REFERENCES `roles` (`rol_id`) ON DELETE CASCADE ON UPDATE CASCADE,
  ADD CONSTRAINT `fk_usuario_roles_rel_usuarios` FOREIGN KEY (`usu_id`) REFERENCES `usuarios` (`usu_id`) ON DELETE CASCADE ON UPDATE CASCADE;

--
-- Filtros para la tabla `vehiculos_involucrados`
--
ALTER TABLE `vehiculos_involucrados`
  ADD CONSTRAINT `vio_prd_fk` FOREIGN KEY (`prd_id`) REFERENCES `personas_desaparecidas` (`prd_id`);
COMMIT;

